{"id":6929,"date":"2025-08-05T14:40:13","date_gmt":"2025-08-05T19:40:13","guid":{"rendered":"https:\/\/www.sparta-imports.com\/equipos\/?post_type=product&#038;p=6929"},"modified":"2025-08-05T17:43:39","modified_gmt":"2025-08-05T22:43:39","slug":"lavaplatos-de-capota-sparta-imports-spl60","status":"publish","type":"product","link":"https:\/\/www.sparta-imports.com\/equipos\/producto\/lavaplatos-de-capota-sparta-imports-spl60\/","title":{"rendered":"LAVAPLATOS DE CAPOTA SPARTA IMPORTS &#8211; SPL60"},"content":{"rendered":"<div class=\"page\" title=\"Page 1\">\n<div class=\"layoutArea\">\n<div class=\"column\">\n<ul>\n<li>Para lavar todo tipo de platos, vasos, tazas, cubiertos, bandejas etc.<\/li>\n<li>2 ciclos de lavado de 90 y 150 segundos.<\/li>\n<li>Capota con sistema de levantamiento de bajo esfuerzo.<\/li>\n<li>Cuba completamente estampada.<\/li>\n<li>Filtro de la cuba de material heteroge\u0301neo antigolpe ProStrain.<\/li>\n<li>Apoyo cesta amovible para una fa\u0301cil limpieza.<\/li>\n<li>Sistema de lavado con bomba DuoFlo y brazos Equalizer.<\/li>\n<li>Doble filtro en la aspiracio\u0301n de la bomba.<\/li>\n<\/ul>\n<\/div>\n<\/div>\n<div class=\"layoutArea\">\n<div class=\"column\">\n<ul>\n<li>Sistema de desague Archimedes.<\/li>\n<li>Dosificador hidra\u0301ulico del abrillantador.<\/li>\n<li>Sistema de mejora del ambiente laboral ProTect.<\/li>\n<li>Interfaz electromeca\u0301nica.<\/li>\n<li>2 programas de lavado de 1,5 y 2,5 minutos.<\/li>\n<li>Puerta de doble pared aislada.<\/li>\n<li>Fa\u0301cil acceso a los componentes para tareas de mantenimiento y reparacio\u0301n<\/li>\n<\/ul>\n<\/div>\n<\/div>\n<\/div>\n","protected":false},"excerpt":{"rendered":"<h3>Lavaplatos de Capota<\/h3>\n<h3>Sparta Imports<\/h3>\n<h5>Modelo:SPL60<\/h5>\n<p>\u2022 Dimensiones : 63.4cm x 74.4cm x 152.9cm<\/p>\n<p>\u2022 Dimensiones de la cesta: 50\u00d750 cm<\/p>\n<p>\u2022 Productividad real m\u00e1xima* 45 cestas\/hora<\/p>\n<p>\u2022 Productividad te\u00f3rica m\u00e1xima 60 cestas\/hora<\/p>\n<p>\u2022 Capacidad de la cuba 15 lt<\/p>\n<p>\u2022 Capacidad del calder\u00edn 6 lt<\/p>\n<p>\u2022 Resistencia de la cuba 2.100 W<\/p>\n<p>\u2022 Resistencia del calder\u00edn 7.000 W<\/p>\n<p>\u2022 Bomba de lavado \u2013 potencia 470 W<\/p>\n<p>\u2022 Bomba de desag\u00fce \u2013 potencia 40 W<\/p>\n<p>\u2022 Consumo total 9.600 W<\/p>\n<p>\u2022 Voltaje: 220 \/ 60 \/ 3<\/p>\n<p>\u2022 Corriente m\u00e1x. 16 A<\/p>\n<p>\u2022 Presi\u00f3n del agua de alimentaci\u00f3n m\u00edn.-m\u00e1x. 2-4 bar<\/p>\n<p>\u2022 Temperatura del agua de alimentaci\u00f3n m\u00edn.-m\u00e1x. 15-60\u00b0C<\/p>\n<p><span style=\"color: #0000ff;\"><strong><a style=\"color: #0000ff;\" href=\"https:\/\/www.sparta-imports.com\/equipos\/wp-content\/uploads\/2025\/08\/24-Lavavajilla-SPL60.pdf\">Ficha t\u00e9cnica Lava vajilla SPL60<\/a><\/strong><\/span><\/p>\n","protected":false},"featured_media":6930,"comment_status":"open","ping_status":"closed","template":"","meta":{"_coblocks_attr":"","_coblocks_dimensions":"","_coblocks_responsive_height":"","_coblocks_accordion_ie_support":""},"product_cat":[185],"product_tag":[],"class_list":{"0":"post-6929","1":"product","2":"type-product","3":"status-publish","4":"has-post-thumbnail","6":"product_cat-lava-vajilas","7":"badges-style-2","9":"first","10":"instock","11":"shipping-taxable","12":"product-type-simple"},"yoast_head":"<!-- This site is optimized with the Yoast SEO plugin v23.8 - https:\/\/yoast.com\/wordpress\/plugins\/seo\/ -->\n<title>LAVAPLATOS DE CAPOTA SPARTA IMPORTS - SPL60 - Sparta Imports \/ Equipos<\/title>\n<meta name=\"robots\" content=\"index, follow, max-snippet:-1, max-image-preview:large, max-video-preview:-1\" \/>\n<link rel=\"canonical\" href=\"https:\/\/www.sparta-imports.com\/equipos\/producto\/lavaplatos-de-capota-sparta-imports-spl60\/\" \/>\n<meta property=\"og:locale\" content=\"es_ES\" \/>\n<meta property=\"og:type\" content=\"article\" \/>\n<meta property=\"og:title\" content=\"LAVAPLATOS DE CAPOTA SPARTA IMPORTS - SPL60 - Sparta Imports \/ Equipos\" \/>\n<meta property=\"og:description\" content=\"Lavaplatos de Capota Sparta Imports Modelo:SPL60 \u2022 Dimensiones : 63.4cm x 74.4cm x 152.9cm  \u2022 Dimensiones de la cesta: 50\u00d750 cm  \u2022 Productividad real m\u00e1xima* 45 cestas\/hora  \u2022 Productividad te\u00f3rica m\u00e1xima 60 cestas\/hora  \u2022 Capacidad de la cuba 15 lt  \u2022 Capacidad del calder\u00edn 6 lt  \u2022 Resistencia de la cuba 2.100 W  \u2022 Resistencia del calder\u00edn 7.000 W  \u2022 Bomba de lavado \u2013 potencia 470 W  \u2022 Bomba de desag\u00fce \u2013 potencia 40 W  \u2022 Consumo total 9.600 W  \u2022 Voltaje: 220 \/ 60 \/ 3  \u2022 Corriente m\u00e1x. 16 A  \u2022 Presi\u00f3n del agua de alimentaci\u00f3n m\u00edn.-m\u00e1x. 2-4 bar  \u2022 Temperatura del agua de alimentaci\u00f3n m\u00edn.-m\u00e1x. 15-60\u00b0C  Ficha t\u00e9cnica Lava vajilla SPL60\" \/>\n<meta property=\"og:url\" content=\"https:\/\/www.sparta-imports.com\/equipos\/producto\/lavaplatos-de-capota-sparta-imports-spl60\/\" \/>\n<meta property=\"og:site_name\" content=\"Sparta Imports \/ Equipos\" \/>\n<meta property=\"article:modified_time\" content=\"2025-08-05T22:43:39+00:00\" \/>\n<meta property=\"og:image\" content=\"https:\/\/www.sparta-imports.com\/equipos\/wp-content\/uploads\/2025\/08\/SPL60-CORRECTA-web.jpg\" \/>\n\t<meta property=\"og:image:width\" content=\"383\" \/>\n\t<meta property=\"og:image:height\" content=\"492\" \/>\n\t<meta property=\"og:image:type\" content=\"image\/jpeg\" \/>\n<meta name=\"twitter:card\" content=\"summary_large_image\" \/>\n<meta name=\"twitter:label1\" content=\"Tiempo de lectura\" \/>\n\t<meta name=\"twitter:data1\" content=\"1 minuto\" \/>\n<script type=\"application\/ld+json\" class=\"yoast-schema-graph\">{\"@context\":\"https:\/\/schema.org\",\"@graph\":[{\"@type\":\"WebPage\",\"@id\":\"https:\/\/www.sparta-imports.com\/equipos\/producto\/lavaplatos-de-capota-sparta-imports-spl60\/\",\"url\":\"https:\/\/www.sparta-imports.com\/equipos\/producto\/lavaplatos-de-capota-sparta-imports-spl60\/\",\"name\":\"LAVAPLATOS DE CAPOTA SPARTA IMPORTS - SPL60 - Sparta Imports \/ Equipos\",\"isPartOf\":{\"@id\":\"https:\/\/www.sparta-imports.com\/equipos\/#website\"},\"primaryImageOfPage\":{\"@id\":\"https:\/\/www.sparta-imports.com\/equipos\/producto\/lavaplatos-de-capota-sparta-imports-spl60\/#primaryimage\"},\"image\":{\"@id\":\"https:\/\/www.sparta-imports.com\/equipos\/producto\/lavaplatos-de-capota-sparta-imports-spl60\/#primaryimage\"},\"thumbnailUrl\":\"https:\/\/www.sparta-imports.com\/equipos\/wp-content\/uploads\/2025\/08\/SPL60-CORRECTA-web.jpg\",\"datePublished\":\"2025-08-05T19:40:13+00:00\",\"dateModified\":\"2025-08-05T22:43:39+00:00\",\"breadcrumb\":{\"@id\":\"https:\/\/www.sparta-imports.com\/equipos\/producto\/lavaplatos-de-capota-sparta-imports-spl60\/#breadcrumb\"},\"inLanguage\":\"es\",\"potentialAction\":[{\"@type\":\"ReadAction\",\"target\":[\"https:\/\/www.sparta-imports.com\/equipos\/producto\/lavaplatos-de-capota-sparta-imports-spl60\/\"]}]},{\"@type\":\"ImageObject\",\"inLanguage\":\"es\",\"@id\":\"https:\/\/www.sparta-imports.com\/equipos\/producto\/lavaplatos-de-capota-sparta-imports-spl60\/#primaryimage\",\"url\":\"https:\/\/www.sparta-imports.com\/equipos\/wp-content\/uploads\/2025\/08\/SPL60-CORRECTA-web.jpg\",\"contentUrl\":\"https:\/\/www.sparta-imports.com\/equipos\/wp-content\/uploads\/2025\/08\/SPL60-CORRECTA-web.jpg\",\"width\":383,\"height\":492},{\"@type\":\"BreadcrumbList\",\"@id\":\"https:\/\/www.sparta-imports.com\/equipos\/producto\/lavaplatos-de-capota-sparta-imports-spl60\/#breadcrumb\",\"itemListElement\":[{\"@type\":\"ListItem\",\"position\":1,\"name\":\"Home\",\"item\":\"https:\/\/www.sparta-imports.com\/equipos\/\"},{\"@type\":\"ListItem\",\"position\":2,\"name\":\"Shop\",\"item\":\"https:\/\/www.sparta-imports.com\/equipos\/shop\/\"},{\"@type\":\"ListItem\",\"position\":3,\"name\":\"LAVAPLATOS DE CAPOTA SPARTA IMPORTS &#8211; SPL60\"}]},{\"@type\":\"WebSite\",\"@id\":\"https:\/\/www.sparta-imports.com\/equipos\/#website\",\"url\":\"https:\/\/www.sparta-imports.com\/equipos\/\",\"name\":\"Sparta Imports \/ Equipos\",\"description\":\"\",\"publisher\":{\"@id\":\"https:\/\/www.sparta-imports.com\/equipos\/#organization\"},\"potentialAction\":[{\"@type\":\"SearchAction\",\"target\":{\"@type\":\"EntryPoint\",\"urlTemplate\":\"https:\/\/www.sparta-imports.com\/equipos\/?s={search_term_string}\"},\"query-input\":{\"@type\":\"PropertyValueSpecification\",\"valueRequired\":true,\"valueName\":\"search_term_string\"}}],\"inLanguage\":\"es\"},{\"@type\":\"Organization\",\"@id\":\"https:\/\/www.sparta-imports.com\/equipos\/#organization\",\"name\":\"Sparta Imports \/ Equipos\",\"url\":\"https:\/\/www.sparta-imports.com\/equipos\/\",\"logo\":{\"@type\":\"ImageObject\",\"inLanguage\":\"es\",\"@id\":\"https:\/\/www.sparta-imports.com\/equipos\/#\/schema\/logo\/image\/\",\"url\":\"https:\/\/www.sparta-imports.com\/equipos\/wp-content\/uploads\/2015\/10\/cropped-Banner-Sparta-Import-Encabezado-Web-C.png\",\"contentUrl\":\"https:\/\/www.sparta-imports.com\/equipos\/wp-content\/uploads\/2015\/10\/cropped-Banner-Sparta-Import-Encabezado-Web-C.png\",\"width\":775,\"height\":272,\"caption\":\"Sparta Imports \/ Equipos\"},\"image\":{\"@id\":\"https:\/\/www.sparta-imports.com\/equipos\/#\/schema\/logo\/image\/\"}}]}<\/script>\n<!-- \/ Yoast SEO plugin. -->","yoast_head_json":{"title":"LAVAPLATOS DE CAPOTA SPARTA IMPORTS - SPL60 - Sparta Imports \/ Equipos","robots":{"index":"index","follow":"follow","max-snippet":"max-snippet:-1","max-image-preview":"max-image-preview:large","max-video-preview":"max-video-preview:-1"},"canonical":"https:\/\/www.sparta-imports.com\/equipos\/producto\/lavaplatos-de-capota-sparta-imports-spl60\/","og_locale":"es_ES","og_type":"article","og_title":"LAVAPLATOS DE CAPOTA SPARTA IMPORTS - SPL60 - Sparta Imports \/ Equipos","og_description":"Lavaplatos de Capota Sparta Imports Modelo:SPL60 \u2022 Dimensiones : 63.4cm x 74.4cm x 152.9cm  \u2022 Dimensiones de la cesta: 50\u00d750 cm  \u2022 Productividad real m\u00e1xima* 45 cestas\/hora  \u2022 Productividad te\u00f3rica m\u00e1xima 60 cestas\/hora  \u2022 Capacidad de la cuba 15 lt  \u2022 Capacidad del calder\u00edn 6 lt  \u2022 Resistencia de la cuba 2.100 W  \u2022 Resistencia del calder\u00edn 7.000 W  \u2022 Bomba de lavado \u2013 potencia 470 W  \u2022 Bomba de desag\u00fce \u2013 potencia 40 W  \u2022 Consumo total 9.600 W  \u2022 Voltaje: 220 \/ 60 \/ 3  \u2022 Corriente m\u00e1x. 16 A  \u2022 Presi\u00f3n del agua de alimentaci\u00f3n m\u00edn.-m\u00e1x. 2-4 bar  \u2022 Temperatura del agua de alimentaci\u00f3n m\u00edn.-m\u00e1x. 15-60\u00b0C  Ficha t\u00e9cnica Lava vajilla SPL60","og_url":"https:\/\/www.sparta-imports.com\/equipos\/producto\/lavaplatos-de-capota-sparta-imports-spl60\/","og_site_name":"Sparta Imports \/ Equipos","article_modified_time":"2025-08-05T22:43:39+00:00","og_image":[{"width":383,"height":492,"url":"https:\/\/www.sparta-imports.com\/equipos\/wp-content\/uploads\/2025\/08\/SPL60-CORRECTA-web.jpg","type":"image\/jpeg"}],"twitter_card":"summary_large_image","twitter_misc":{"Tiempo de lectura":"1 minuto"},"schema":{"@context":"https:\/\/schema.org","@graph":[{"@type":"WebPage","@id":"https:\/\/www.sparta-imports.com\/equipos\/producto\/lavaplatos-de-capota-sparta-imports-spl60\/","url":"https:\/\/www.sparta-imports.com\/equipos\/producto\/lavaplatos-de-capota-sparta-imports-spl60\/","name":"LAVAPLATOS DE CAPOTA SPARTA IMPORTS - SPL60 - Sparta Imports \/ Equipos","isPartOf":{"@id":"https:\/\/www.sparta-imports.com\/equipos\/#website"},"primaryImageOfPage":{"@id":"https:\/\/www.sparta-imports.com\/equipos\/producto\/lavaplatos-de-capota-sparta-imports-spl60\/#primaryimage"},"image":{"@id":"https:\/\/www.sparta-imports.com\/equipos\/producto\/lavaplatos-de-capota-sparta-imports-spl60\/#primaryimage"},"thumbnailUrl":"https:\/\/www.sparta-imports.com\/equipos\/wp-content\/uploads\/2025\/08\/SPL60-CORRECTA-web.jpg","datePublished":"2025-08-05T19:40:13+00:00","dateModified":"2025-08-05T22:43:39+00:00","breadcrumb":{"@id":"https:\/\/www.sparta-imports.com\/equipos\/producto\/lavaplatos-de-capota-sparta-imports-spl60\/#breadcrumb"},"inLanguage":"es","potentialAction":[{"@type":"ReadAction","target":["https:\/\/www.sparta-imports.com\/equipos\/producto\/lavaplatos-de-capota-sparta-imports-spl60\/"]}]},{"@type":"ImageObject","inLanguage":"es","@id":"https:\/\/www.sparta-imports.com\/equipos\/producto\/lavaplatos-de-capota-sparta-imports-spl60\/#primaryimage","url":"https:\/\/www.sparta-imports.com\/equipos\/wp-content\/uploads\/2025\/08\/SPL60-CORRECTA-web.jpg","contentUrl":"https:\/\/www.sparta-imports.com\/equipos\/wp-content\/uploads\/2025\/08\/SPL60-CORRECTA-web.jpg","width":383,"height":492},{"@type":"BreadcrumbList","@id":"https:\/\/www.sparta-imports.com\/equipos\/producto\/lavaplatos-de-capota-sparta-imports-spl60\/#breadcrumb","itemListElement":[{"@type":"ListItem","position":1,"name":"Home","item":"https:\/\/www.sparta-imports.com\/equipos\/"},{"@type":"ListItem","position":2,"name":"Shop","item":"https:\/\/www.sparta-imports.com\/equipos\/shop\/"},{"@type":"ListItem","position":3,"name":"LAVAPLATOS DE CAPOTA SPARTA IMPORTS &#8211; SPL60"}]},{"@type":"WebSite","@id":"https:\/\/www.sparta-imports.com\/equipos\/#website","url":"https:\/\/www.sparta-imports.com\/equipos\/","name":"Sparta Imports \/ Equipos","description":"","publisher":{"@id":"https:\/\/www.sparta-imports.com\/equipos\/#organization"},"potentialAction":[{"@type":"SearchAction","target":{"@type":"EntryPoint","urlTemplate":"https:\/\/www.sparta-imports.com\/equipos\/?s={search_term_string}"},"query-input":{"@type":"PropertyValueSpecification","valueRequired":true,"valueName":"search_term_string"}}],"inLanguage":"es"},{"@type":"Organization","@id":"https:\/\/www.sparta-imports.com\/equipos\/#organization","name":"Sparta Imports \/ Equipos","url":"https:\/\/www.sparta-imports.com\/equipos\/","logo":{"@type":"ImageObject","inLanguage":"es","@id":"https:\/\/www.sparta-imports.com\/equipos\/#\/schema\/logo\/image\/","url":"https:\/\/www.sparta-imports.com\/equipos\/wp-content\/uploads\/2015\/10\/cropped-Banner-Sparta-Import-Encabezado-Web-C.png","contentUrl":"https:\/\/www.sparta-imports.com\/equipos\/wp-content\/uploads\/2015\/10\/cropped-Banner-Sparta-Import-Encabezado-Web-C.png","width":775,"height":272,"caption":"Sparta Imports \/ Equipos"},"image":{"@id":"https:\/\/www.sparta-imports.com\/equipos\/#\/schema\/logo\/image\/"}}]}},"_links":{"self":[{"href":"https:\/\/www.sparta-imports.com\/equipos\/wp-json\/wp\/v2\/product\/6929"}],"collection":[{"href":"https:\/\/www.sparta-imports.com\/equipos\/wp-json\/wp\/v2\/product"}],"about":[{"href":"https:\/\/www.sparta-imports.com\/equipos\/wp-json\/wp\/v2\/types\/product"}],"replies":[{"embeddable":true,"href":"https:\/\/www.sparta-imports.com\/equipos\/wp-json\/wp\/v2\/comments?post=6929"}],"wp:featuredmedia":[{"embeddable":true,"href":"https:\/\/www.sparta-imports.com\/equipos\/wp-json\/wp\/v2\/media\/6930"}],"wp:attachment":[{"href":"https:\/\/www.sparta-imports.com\/equipos\/wp-json\/wp\/v2\/media?parent=6929"}],"wp:term":[{"taxonomy":"product_cat","embeddable":true,"href":"https:\/\/www.sparta-imports.com\/equipos\/wp-json\/wp\/v2\/product_cat?post=6929"},{"taxonomy":"product_tag","embeddable":true,"href":"https:\/\/www.sparta-imports.com\/equipos\/wp-json\/wp\/v2\/product_tag?post=6929"}],"curies":[{"name":"wp","href":"https:\/\/api.w.org\/{rel}","templated":true}]}}