{"id":6926,"date":"2025-08-05T13:16:54","date_gmt":"2025-08-05T18:16:54","guid":{"rendered":"https:\/\/www.sparta-imports.com\/equipos\/?post_type=product&#038;p=6926"},"modified":"2025-08-05T17:41:26","modified_gmt":"2025-08-05T22:41:26","slug":"lavaplatos-bajo-mostrador-sparta-imports-spl51","status":"publish","type":"product","link":"https:\/\/www.sparta-imports.com\/equipos\/producto\/lavaplatos-bajo-mostrador-sparta-imports-spl51\/","title":{"rendered":"LAVAPLATOS BAJO MOSTRADOR SPARTA IMPORTS &#8211; SPL51"},"content":{"rendered":"<div class=\"page\" title=\"Page 1\">\n<div class=\"layoutArea\">\n<div class=\"column\">\n<ul>\n<li>Fabricacio\u0301n general de doble pared con los laterales de la ca\u0301mara de lavado de doble pared estratificada y la puerta de doble pared integral.<\/li>\n<li>La cuba posee el fondo embutido y esta\u0301 dotada con un filtro integral de superficie de material compuesto, en toda la anchura, que dada su gran a\u0301rea de paso difi\u0301cil mente se obstruye.<\/li>\n<li>Gui\u0301as de la cesta estampadas y embutidas.<\/li>\n<li>Ca\u0301mara de lavado sin tubos internos ni aristas afiladas.<\/li>\n<\/ul>\n<p><strong>Interfaz del usuario Proscreen:<\/strong><\/p>\n<ul>\n<li>Formada por cuatro botones ta\u0301ctiles.<\/li>\n<\/ul>\n<ul>\n<li>Pantalla de LED de 4 caracteres ma\u0301s dos barras indicadoras laterales.<\/li>\n<\/ul>\n<\/div>\n<\/div>\n<\/div>\n","protected":false},"excerpt":{"rendered":"<h4>Lavaplatos Bajo Mostrador<\/h4>\n<h4>Sparta Imports<\/h4>\n<h5>Modelo: SPL51<\/h5>\n<div class=\"page\" title=\"Page 1\">\n<div class=\"layoutArea\">\n<div class=\"column\">\n<p>\u2022 Dimensiones : 57.5 \u00d7 60.5 \u00d7 82 cm<\/p>\n<p>\u2022 Dimensiones de la cesta: 50\u00d750 cm<\/p>\n<p>\u2022 Productividad real m\u00e1xima*: 20 cestas\/hora<\/p>\n<p>\u2022 Productividad te\u00f3rica m\u00e1xima: 60 cestas\/hora<\/p>\n<p>\u2022 Capacidad de la cuba: 20 lt.<\/p>\n<p>\u2022 Capacidad del calder\u00edn: 6 lt.<\/p>\n<p>\u2022 Resistencia de la cuba: 2,100 W<\/p>\n<p>\u2022 Resistencia del calder\u00edn: 3,000 W<\/p>\n<p>\u2022 Bomba de lavado \u2013 potencia: 470 W<\/p>\n<p>\u2022 Consumo total: 3,500W \u2022 Voltaje: 220 \/ 60 \/ 1<\/p>\n<p>\u2022 Corriente m\u00e1x.: 16 A<\/p>\n<p>\u2022 Presi\u00f3n del agua de alimentaci\u00f3n m\u00edn.-m\u00e1x.: 2-4 bar<\/p>\n<p>\u2022 Temperatura del agua de alimentaci\u00f3n m\u00edn.-m\u00e1x.: 50 &#8211; 60 \u00baC<\/p>\n<p><span style=\"color: #0000ff;\"><strong>Ficha t\u00e9cnica <a style=\"color: #0000ff;\" href=\"https:\/\/www.sparta-imports.com\/equipos\/wp-content\/uploads\/2025\/08\/23-Lavavajilla-SPL51.pdf\">Lava vajilla SPL51<\/a><\/strong><\/span><\/p>\n<\/div>\n<\/div>\n<\/div>\n","protected":false},"featured_media":6927,"comment_status":"open","ping_status":"closed","template":"","meta":{"_coblocks_attr":"","_coblocks_dimensions":"","_coblocks_responsive_height":"","_coblocks_accordion_ie_support":""},"product_cat":[185],"product_tag":[],"class_list":{"0":"post-6926","1":"product","2":"type-product","3":"status-publish","4":"has-post-thumbnail","6":"product_cat-lava-vajilas","7":"badges-style-2","9":"first","10":"instock","11":"shipping-taxable","12":"product-type-simple"},"yoast_head":"<!-- This site is optimized with the Yoast SEO plugin v23.8 - https:\/\/yoast.com\/wordpress\/plugins\/seo\/ -->\n<title>LAVAPLATOS BAJO MOSTRADOR SPARTA IMPORTS - SPL51 - Sparta Imports \/ Equipos<\/title>\n<meta name=\"robots\" content=\"index, follow, max-snippet:-1, max-image-preview:large, max-video-preview:-1\" \/>\n<link rel=\"canonical\" href=\"https:\/\/www.sparta-imports.com\/equipos\/producto\/lavaplatos-bajo-mostrador-sparta-imports-spl51\/\" \/>\n<meta property=\"og:locale\" content=\"es_ES\" \/>\n<meta property=\"og:type\" content=\"article\" \/>\n<meta property=\"og:title\" content=\"LAVAPLATOS BAJO MOSTRADOR SPARTA IMPORTS - SPL51 - Sparta Imports \/ Equipos\" \/>\n<meta property=\"og:description\" content=\"Lavaplatos Bajo Mostrador Sparta Imports Modelo: SPL51     \u2022 Dimensiones : 57.5 \u00d7 60.5 \u00d7 82 cm  \u2022 Dimensiones de la cesta: 50\u00d750 cm  \u2022 Productividad real m\u00e1xima*: 20 cestas\/hora  \u2022 Productividad te\u00f3rica m\u00e1xima: 60 cestas\/hora  \u2022 Capacidad de la cuba: 20 lt.  \u2022 Capacidad del calder\u00edn: 6 lt.  \u2022 Resistencia de la cuba: 2,100 W  \u2022 Resistencia del calder\u00edn: 3,000 W  \u2022 Bomba de lavado \u2013 potencia: 470 W  \u2022 Consumo total: 3,500W \u2022 Voltaje: 220 \/ 60 \/ 1  \u2022 Corriente m\u00e1x.: 16 A  \u2022 Presi\u00f3n del agua de alimentaci\u00f3n m\u00edn.-m\u00e1x.: 2-4 bar  \u2022 Temperatura del agua de alimentaci\u00f3n m\u00edn.-m\u00e1x.: 50 - 60 \u00baC  Ficha t\u00e9cnica Lava vajilla SPL51\" \/>\n<meta property=\"og:url\" content=\"https:\/\/www.sparta-imports.com\/equipos\/producto\/lavaplatos-bajo-mostrador-sparta-imports-spl51\/\" \/>\n<meta property=\"og:site_name\" content=\"Sparta Imports \/ Equipos\" \/>\n<meta property=\"article:modified_time\" content=\"2025-08-05T22:41:26+00:00\" \/>\n<meta property=\"og:image\" content=\"https:\/\/www.sparta-imports.com\/equipos\/wp-content\/uploads\/2025\/08\/Lavavajilla-SPL51-web.jpg\" \/>\n\t<meta property=\"og:image:width\" content=\"383\" \/>\n\t<meta property=\"og:image:height\" content=\"492\" \/>\n\t<meta property=\"og:image:type\" content=\"image\/jpeg\" \/>\n<meta name=\"twitter:card\" content=\"summary_large_image\" \/>\n<meta name=\"twitter:label1\" content=\"Tiempo de lectura\" \/>\n\t<meta name=\"twitter:data1\" content=\"1 minuto\" \/>\n<script type=\"application\/ld+json\" class=\"yoast-schema-graph\">{\"@context\":\"https:\/\/schema.org\",\"@graph\":[{\"@type\":\"WebPage\",\"@id\":\"https:\/\/www.sparta-imports.com\/equipos\/producto\/lavaplatos-bajo-mostrador-sparta-imports-spl51\/\",\"url\":\"https:\/\/www.sparta-imports.com\/equipos\/producto\/lavaplatos-bajo-mostrador-sparta-imports-spl51\/\",\"name\":\"LAVAPLATOS BAJO MOSTRADOR SPARTA IMPORTS - SPL51 - Sparta Imports \/ Equipos\",\"isPartOf\":{\"@id\":\"https:\/\/www.sparta-imports.com\/equipos\/#website\"},\"primaryImageOfPage\":{\"@id\":\"https:\/\/www.sparta-imports.com\/equipos\/producto\/lavaplatos-bajo-mostrador-sparta-imports-spl51\/#primaryimage\"},\"image\":{\"@id\":\"https:\/\/www.sparta-imports.com\/equipos\/producto\/lavaplatos-bajo-mostrador-sparta-imports-spl51\/#primaryimage\"},\"thumbnailUrl\":\"https:\/\/www.sparta-imports.com\/equipos\/wp-content\/uploads\/2025\/08\/Lavavajilla-SPL51-web.jpg\",\"datePublished\":\"2025-08-05T18:16:54+00:00\",\"dateModified\":\"2025-08-05T22:41:26+00:00\",\"breadcrumb\":{\"@id\":\"https:\/\/www.sparta-imports.com\/equipos\/producto\/lavaplatos-bajo-mostrador-sparta-imports-spl51\/#breadcrumb\"},\"inLanguage\":\"es\",\"potentialAction\":[{\"@type\":\"ReadAction\",\"target\":[\"https:\/\/www.sparta-imports.com\/equipos\/producto\/lavaplatos-bajo-mostrador-sparta-imports-spl51\/\"]}]},{\"@type\":\"ImageObject\",\"inLanguage\":\"es\",\"@id\":\"https:\/\/www.sparta-imports.com\/equipos\/producto\/lavaplatos-bajo-mostrador-sparta-imports-spl51\/#primaryimage\",\"url\":\"https:\/\/www.sparta-imports.com\/equipos\/wp-content\/uploads\/2025\/08\/Lavavajilla-SPL51-web.jpg\",\"contentUrl\":\"https:\/\/www.sparta-imports.com\/equipos\/wp-content\/uploads\/2025\/08\/Lavavajilla-SPL51-web.jpg\",\"width\":383,\"height\":492},{\"@type\":\"BreadcrumbList\",\"@id\":\"https:\/\/www.sparta-imports.com\/equipos\/producto\/lavaplatos-bajo-mostrador-sparta-imports-spl51\/#breadcrumb\",\"itemListElement\":[{\"@type\":\"ListItem\",\"position\":1,\"name\":\"Home\",\"item\":\"https:\/\/www.sparta-imports.com\/equipos\/\"},{\"@type\":\"ListItem\",\"position\":2,\"name\":\"Shop\",\"item\":\"https:\/\/www.sparta-imports.com\/equipos\/shop\/\"},{\"@type\":\"ListItem\",\"position\":3,\"name\":\"LAVAPLATOS BAJO MOSTRADOR SPARTA IMPORTS &#8211; SPL51\"}]},{\"@type\":\"WebSite\",\"@id\":\"https:\/\/www.sparta-imports.com\/equipos\/#website\",\"url\":\"https:\/\/www.sparta-imports.com\/equipos\/\",\"name\":\"Sparta Imports \/ Equipos\",\"description\":\"\",\"publisher\":{\"@id\":\"https:\/\/www.sparta-imports.com\/equipos\/#organization\"},\"potentialAction\":[{\"@type\":\"SearchAction\",\"target\":{\"@type\":\"EntryPoint\",\"urlTemplate\":\"https:\/\/www.sparta-imports.com\/equipos\/?s={search_term_string}\"},\"query-input\":{\"@type\":\"PropertyValueSpecification\",\"valueRequired\":true,\"valueName\":\"search_term_string\"}}],\"inLanguage\":\"es\"},{\"@type\":\"Organization\",\"@id\":\"https:\/\/www.sparta-imports.com\/equipos\/#organization\",\"name\":\"Sparta Imports \/ Equipos\",\"url\":\"https:\/\/www.sparta-imports.com\/equipos\/\",\"logo\":{\"@type\":\"ImageObject\",\"inLanguage\":\"es\",\"@id\":\"https:\/\/www.sparta-imports.com\/equipos\/#\/schema\/logo\/image\/\",\"url\":\"https:\/\/www.sparta-imports.com\/equipos\/wp-content\/uploads\/2015\/10\/cropped-Banner-Sparta-Import-Encabezado-Web-C.png\",\"contentUrl\":\"https:\/\/www.sparta-imports.com\/equipos\/wp-content\/uploads\/2015\/10\/cropped-Banner-Sparta-Import-Encabezado-Web-C.png\",\"width\":775,\"height\":272,\"caption\":\"Sparta Imports \/ Equipos\"},\"image\":{\"@id\":\"https:\/\/www.sparta-imports.com\/equipos\/#\/schema\/logo\/image\/\"}}]}<\/script>\n<!-- \/ Yoast SEO plugin. -->","yoast_head_json":{"title":"LAVAPLATOS BAJO MOSTRADOR SPARTA IMPORTS - SPL51 - Sparta Imports \/ Equipos","robots":{"index":"index","follow":"follow","max-snippet":"max-snippet:-1","max-image-preview":"max-image-preview:large","max-video-preview":"max-video-preview:-1"},"canonical":"https:\/\/www.sparta-imports.com\/equipos\/producto\/lavaplatos-bajo-mostrador-sparta-imports-spl51\/","og_locale":"es_ES","og_type":"article","og_title":"LAVAPLATOS BAJO MOSTRADOR SPARTA IMPORTS - SPL51 - Sparta Imports \/ Equipos","og_description":"Lavaplatos Bajo Mostrador Sparta Imports Modelo: SPL51     \u2022 Dimensiones : 57.5 \u00d7 60.5 \u00d7 82 cm  \u2022 Dimensiones de la cesta: 50\u00d750 cm  \u2022 Productividad real m\u00e1xima*: 20 cestas\/hora  \u2022 Productividad te\u00f3rica m\u00e1xima: 60 cestas\/hora  \u2022 Capacidad de la cuba: 20 lt.  \u2022 Capacidad del calder\u00edn: 6 lt.  \u2022 Resistencia de la cuba: 2,100 W  \u2022 Resistencia del calder\u00edn: 3,000 W  \u2022 Bomba de lavado \u2013 potencia: 470 W  \u2022 Consumo total: 3,500W \u2022 Voltaje: 220 \/ 60 \/ 1  \u2022 Corriente m\u00e1x.: 16 A  \u2022 Presi\u00f3n del agua de alimentaci\u00f3n m\u00edn.-m\u00e1x.: 2-4 bar  \u2022 Temperatura del agua de alimentaci\u00f3n m\u00edn.-m\u00e1x.: 50 - 60 \u00baC  Ficha t\u00e9cnica Lava vajilla SPL51","og_url":"https:\/\/www.sparta-imports.com\/equipos\/producto\/lavaplatos-bajo-mostrador-sparta-imports-spl51\/","og_site_name":"Sparta Imports \/ Equipos","article_modified_time":"2025-08-05T22:41:26+00:00","og_image":[{"width":383,"height":492,"url":"https:\/\/www.sparta-imports.com\/equipos\/wp-content\/uploads\/2025\/08\/Lavavajilla-SPL51-web.jpg","type":"image\/jpeg"}],"twitter_card":"summary_large_image","twitter_misc":{"Tiempo de lectura":"1 minuto"},"schema":{"@context":"https:\/\/schema.org","@graph":[{"@type":"WebPage","@id":"https:\/\/www.sparta-imports.com\/equipos\/producto\/lavaplatos-bajo-mostrador-sparta-imports-spl51\/","url":"https:\/\/www.sparta-imports.com\/equipos\/producto\/lavaplatos-bajo-mostrador-sparta-imports-spl51\/","name":"LAVAPLATOS BAJO MOSTRADOR SPARTA IMPORTS - SPL51 - Sparta Imports \/ Equipos","isPartOf":{"@id":"https:\/\/www.sparta-imports.com\/equipos\/#website"},"primaryImageOfPage":{"@id":"https:\/\/www.sparta-imports.com\/equipos\/producto\/lavaplatos-bajo-mostrador-sparta-imports-spl51\/#primaryimage"},"image":{"@id":"https:\/\/www.sparta-imports.com\/equipos\/producto\/lavaplatos-bajo-mostrador-sparta-imports-spl51\/#primaryimage"},"thumbnailUrl":"https:\/\/www.sparta-imports.com\/equipos\/wp-content\/uploads\/2025\/08\/Lavavajilla-SPL51-web.jpg","datePublished":"2025-08-05T18:16:54+00:00","dateModified":"2025-08-05T22:41:26+00:00","breadcrumb":{"@id":"https:\/\/www.sparta-imports.com\/equipos\/producto\/lavaplatos-bajo-mostrador-sparta-imports-spl51\/#breadcrumb"},"inLanguage":"es","potentialAction":[{"@type":"ReadAction","target":["https:\/\/www.sparta-imports.com\/equipos\/producto\/lavaplatos-bajo-mostrador-sparta-imports-spl51\/"]}]},{"@type":"ImageObject","inLanguage":"es","@id":"https:\/\/www.sparta-imports.com\/equipos\/producto\/lavaplatos-bajo-mostrador-sparta-imports-spl51\/#primaryimage","url":"https:\/\/www.sparta-imports.com\/equipos\/wp-content\/uploads\/2025\/08\/Lavavajilla-SPL51-web.jpg","contentUrl":"https:\/\/www.sparta-imports.com\/equipos\/wp-content\/uploads\/2025\/08\/Lavavajilla-SPL51-web.jpg","width":383,"height":492},{"@type":"BreadcrumbList","@id":"https:\/\/www.sparta-imports.com\/equipos\/producto\/lavaplatos-bajo-mostrador-sparta-imports-spl51\/#breadcrumb","itemListElement":[{"@type":"ListItem","position":1,"name":"Home","item":"https:\/\/www.sparta-imports.com\/equipos\/"},{"@type":"ListItem","position":2,"name":"Shop","item":"https:\/\/www.sparta-imports.com\/equipos\/shop\/"},{"@type":"ListItem","position":3,"name":"LAVAPLATOS BAJO MOSTRADOR SPARTA IMPORTS &#8211; SPL51"}]},{"@type":"WebSite","@id":"https:\/\/www.sparta-imports.com\/equipos\/#website","url":"https:\/\/www.sparta-imports.com\/equipos\/","name":"Sparta Imports \/ Equipos","description":"","publisher":{"@id":"https:\/\/www.sparta-imports.com\/equipos\/#organization"},"potentialAction":[{"@type":"SearchAction","target":{"@type":"EntryPoint","urlTemplate":"https:\/\/www.sparta-imports.com\/equipos\/?s={search_term_string}"},"query-input":{"@type":"PropertyValueSpecification","valueRequired":true,"valueName":"search_term_string"}}],"inLanguage":"es"},{"@type":"Organization","@id":"https:\/\/www.sparta-imports.com\/equipos\/#organization","name":"Sparta Imports \/ Equipos","url":"https:\/\/www.sparta-imports.com\/equipos\/","logo":{"@type":"ImageObject","inLanguage":"es","@id":"https:\/\/www.sparta-imports.com\/equipos\/#\/schema\/logo\/image\/","url":"https:\/\/www.sparta-imports.com\/equipos\/wp-content\/uploads\/2015\/10\/cropped-Banner-Sparta-Import-Encabezado-Web-C.png","contentUrl":"https:\/\/www.sparta-imports.com\/equipos\/wp-content\/uploads\/2015\/10\/cropped-Banner-Sparta-Import-Encabezado-Web-C.png","width":775,"height":272,"caption":"Sparta Imports \/ Equipos"},"image":{"@id":"https:\/\/www.sparta-imports.com\/equipos\/#\/schema\/logo\/image\/"}}]}},"_links":{"self":[{"href":"https:\/\/www.sparta-imports.com\/equipos\/wp-json\/wp\/v2\/product\/6926"}],"collection":[{"href":"https:\/\/www.sparta-imports.com\/equipos\/wp-json\/wp\/v2\/product"}],"about":[{"href":"https:\/\/www.sparta-imports.com\/equipos\/wp-json\/wp\/v2\/types\/product"}],"replies":[{"embeddable":true,"href":"https:\/\/www.sparta-imports.com\/equipos\/wp-json\/wp\/v2\/comments?post=6926"}],"wp:featuredmedia":[{"embeddable":true,"href":"https:\/\/www.sparta-imports.com\/equipos\/wp-json\/wp\/v2\/media\/6927"}],"wp:attachment":[{"href":"https:\/\/www.sparta-imports.com\/equipos\/wp-json\/wp\/v2\/media?parent=6926"}],"wp:term":[{"taxonomy":"product_cat","embeddable":true,"href":"https:\/\/www.sparta-imports.com\/equipos\/wp-json\/wp\/v2\/product_cat?post=6926"},{"taxonomy":"product_tag","embeddable":true,"href":"https:\/\/www.sparta-imports.com\/equipos\/wp-json\/wp\/v2\/product_tag?post=6926"}],"curies":[{"name":"wp","href":"https:\/\/api.w.org\/{rel}","templated":true}]}}