{"id":6876,"date":"2025-07-15T15:14:52","date_gmt":"2025-07-15T20:14:52","guid":{"rendered":"https:\/\/www.sparta-imports.com\/equipos\/?post_type=product&#038;p=6876"},"modified":"2025-07-19T09:09:59","modified_gmt":"2025-07-19T14:09:59","slug":"horno-rapido-lainox-oracle","status":"publish","type":"product","link":"https:\/\/www.sparta-imports.com\/equipos\/producto\/horno-rapido-lainox-oracle\/","title":{"rendered":"Horno R\u00e1pido Lainox Oracle"},"content":{"rendered":"<p class=\"p1\"><strong>M\u00c9TODOS DE COCINA<\/strong><br \/>\n\u2022 Impacto con potencia hasta 3 kW.<br \/>\n\u2022 Convecci\u00f3n con temperatura desde 95 \u00b0 C hasta 270\u02daC.<br \/>\n\u2022 Microondas con potencia hasta 2 kW.<br \/>\n\u2022 Funci\u00f3n de descongelaci\u00f3n por microondas.<br \/>\n\u2022 Manual hasta 4 ciclos.<br \/>\n\u2022 Programable con la capacidad de almacenar 1200 programas de cocci\u00f3n en autom\u00e1tico.<br \/>\nsecuencia (hasta 4 ciclos), asignando un nombre y un icono dedicado.<\/p>\n<p class=\"p1\"><strong>OPERACI\u00d3N<\/strong><br \/>\n\u2022 Pantalla t\u00e1ctil totalmente personalizable HD True-Touch \u2122 de 7 \u00ab.<br \/>\n\u2022 Precalentamiento autom\u00e1tico.<\/p>\n<p class=\"p1\"><strong>LIMPIEZA Y MANTENIMIENTO<\/strong><br \/>\n\u2022 Los detergentes aprobados se pueden usar directamente sobre la superficie lisa de la puerta.<br \/>\n\u2022 Forro de la c\u00e1mara de cocci\u00f3n removible y antiadherente para facilitar la limpieza.<br \/>\n\u2022 Los filtros de aire magn\u00e9ticos se pueden limpiar de una sola vez.<br \/>\n\u2022 Enfriamiento r\u00e1pido para una limpieza r\u00e1pida al final del d\u00eda.<\/p>\n<p class=\"p1\"><strong>MECANISMOS DE CONTROL<\/strong><br \/>\n\u2022 Funci\u00f3n silenciosa: la velocidad del ventilador se ajusta autom\u00e1ticamente seg\u00fan el modo de operaci\u00f3n.<br \/>\n\u2022 Recordatorio para limpiar los filtros de aire.<br \/>\n\u2022 Suministro est\u00e1ndar de conexi\u00f3n Wi-Fi \/ Ethernet para actualizar el software y cargar \/ Descargar programas de cocina.<br \/>\n\u2022 Conexi\u00f3n USB de suministro est\u00e1ndar para actualizar el software y cargar \/ descargar la cocina programas<\/p>\n<p class=\"p1\"><strong>CONSTRUCCI\u00d3N<\/strong><br \/>\n\u2022 Acabado exterior en acero inoxidable.<br \/>\n\u2022 Panel de control frontal en acabado pintado.<br \/>\n\u2022 C\u00e1mara de horno de acero inoxidable con bordes biselados.<br \/>\n\u2022 Convertidor catal\u00edtico incorporado para uso sin campana.<br \/>\n\u2022 Puerta abatible con tirador ergon\u00f3mico.<br \/>\n\u2022 Cuando est\u00e1 abierta, la puerta se desliza debajo de la superficie de cocci\u00f3n del horno, permitiendo que<br \/>\nLos alimentos se retiran de forma segura sin riesgo de quemaduras.<br \/>\n\u2022 Protecci\u00f3n IPX3 contra salpicaduras de agua.<\/p>\n","protected":false},"excerpt":{"rendered":"<h4>Horno R\u00e1pido Lainox Oracle<\/h4>\n<p class=\"p1\">Cuando todo tiene que ser r\u00e1pido, necesita un horno que haga m\u00e1s para ayudar a cocinar una comida deliciosa.<br \/>\nTodo es m\u00e1s r\u00e1pido con ORACLE, desde la instalaci\u00f3n hasta el servicio a los clientes.<br \/>\nCreaci\u00f3n, actualizaci\u00f3n y gesti\u00f3n del men\u00fa, servicio express, capacitaci\u00f3n del personal, limpieza y mantenimiento.<br \/>\nPotencia y velocidad para todos los requisitos de cocci\u00f3n: el dorado y el tostado garantizan platos sabrosos en todo momento, gracias a los tres m\u00e9todos de calentamiento<\/p>\n<h5><span style=\"color: #0000ff;\"><strong><a style=\"color: #0000ff;\" href=\"https:\/\/www.sparta-imports.com\/equipos\/wp-content\/uploads\/2025\/07\/32-LAINOX-ORACLE.pdf\">Ficha LAINOX ORACLE<\/a><\/strong><\/span><\/h5>\n","protected":false},"featured_media":6877,"comment_status":"open","ping_status":"closed","template":"","meta":{"_coblocks_attr":"","_coblocks_dimensions":"","_coblocks_responsive_height":"","_coblocks_accordion_ie_support":""},"product_cat":[167,169],"product_tag":[],"class_list":{"0":"post-6876","1":"product","2":"type-product","3":"status-publish","4":"has-post-thumbnail","6":"product_cat-hornos","7":"product_cat-lainox","8":"badges-style-2","10":"first","11":"instock","12":"shipping-taxable","13":"product-type-simple"},"yoast_head":"<!-- This site is optimized with the Yoast SEO plugin v23.8 - https:\/\/yoast.com\/wordpress\/plugins\/seo\/ -->\n<title>Horno R\u00e1pido Lainox Oracle - Sparta Imports \/ Equipos<\/title>\n<meta name=\"robots\" content=\"index, follow, max-snippet:-1, max-image-preview:large, max-video-preview:-1\" \/>\n<link rel=\"canonical\" href=\"https:\/\/www.sparta-imports.com\/equipos\/producto\/horno-rapido-lainox-oracle\/\" \/>\n<meta property=\"og:locale\" content=\"es_ES\" \/>\n<meta property=\"og:type\" content=\"article\" \/>\n<meta property=\"og:title\" content=\"Horno R\u00e1pido Lainox Oracle - Sparta Imports \/ Equipos\" \/>\n<meta property=\"og:description\" content=\"Horno R\u00e1pido Lainox Oracle Cuando todo tiene que ser r\u00e1pido, necesita un horno que haga m\u00e1s para ayudar a cocinar una comida deliciosa. Todo es m\u00e1s r\u00e1pido con ORACLE, desde la instalaci\u00f3n hasta el servicio a los clientes. Creaci\u00f3n, actualizaci\u00f3n y gesti\u00f3n del men\u00fa, servicio express, capacitaci\u00f3n del personal, limpieza y mantenimiento. Potencia y velocidad para todos los requisitos de cocci\u00f3n: el dorado y el tostado garantizan platos sabrosos en todo momento, gracias a los tres m\u00e9todos de calentamiento  Ficha LAINOX ORACLE\" \/>\n<meta property=\"og:url\" content=\"https:\/\/www.sparta-imports.com\/equipos\/producto\/horno-rapido-lainox-oracle\/\" \/>\n<meta property=\"og:site_name\" content=\"Sparta Imports \/ Equipos\" \/>\n<meta property=\"article:modified_time\" content=\"2025-07-19T14:09:59+00:00\" \/>\n<meta property=\"og:image\" content=\"https:\/\/www.sparta-imports.com\/equipos\/wp-content\/uploads\/2025\/07\/LAINOX-ORACLE-WEB.jpg\" \/>\n\t<meta property=\"og:image:width\" content=\"383\" \/>\n\t<meta property=\"og:image:height\" content=\"492\" \/>\n\t<meta property=\"og:image:type\" content=\"image\/jpeg\" \/>\n<meta name=\"twitter:card\" content=\"summary_large_image\" \/>\n<meta name=\"twitter:label1\" content=\"Tiempo de lectura\" \/>\n\t<meta name=\"twitter:data1\" content=\"2 minutos\" \/>\n<script type=\"application\/ld+json\" class=\"yoast-schema-graph\">{\"@context\":\"https:\/\/schema.org\",\"@graph\":[{\"@type\":\"WebPage\",\"@id\":\"https:\/\/www.sparta-imports.com\/equipos\/producto\/horno-rapido-lainox-oracle\/\",\"url\":\"https:\/\/www.sparta-imports.com\/equipos\/producto\/horno-rapido-lainox-oracle\/\",\"name\":\"Horno R\u00e1pido Lainox Oracle - Sparta Imports \/ Equipos\",\"isPartOf\":{\"@id\":\"https:\/\/www.sparta-imports.com\/equipos\/#website\"},\"primaryImageOfPage\":{\"@id\":\"https:\/\/www.sparta-imports.com\/equipos\/producto\/horno-rapido-lainox-oracle\/#primaryimage\"},\"image\":{\"@id\":\"https:\/\/www.sparta-imports.com\/equipos\/producto\/horno-rapido-lainox-oracle\/#primaryimage\"},\"thumbnailUrl\":\"https:\/\/www.sparta-imports.com\/equipos\/wp-content\/uploads\/2025\/07\/LAINOX-ORACLE-WEB.jpg\",\"datePublished\":\"2025-07-15T20:14:52+00:00\",\"dateModified\":\"2025-07-19T14:09:59+00:00\",\"breadcrumb\":{\"@id\":\"https:\/\/www.sparta-imports.com\/equipos\/producto\/horno-rapido-lainox-oracle\/#breadcrumb\"},\"inLanguage\":\"es\",\"potentialAction\":[{\"@type\":\"ReadAction\",\"target\":[\"https:\/\/www.sparta-imports.com\/equipos\/producto\/horno-rapido-lainox-oracle\/\"]}]},{\"@type\":\"ImageObject\",\"inLanguage\":\"es\",\"@id\":\"https:\/\/www.sparta-imports.com\/equipos\/producto\/horno-rapido-lainox-oracle\/#primaryimage\",\"url\":\"https:\/\/www.sparta-imports.com\/equipos\/wp-content\/uploads\/2025\/07\/LAINOX-ORACLE-WEB.jpg\",\"contentUrl\":\"https:\/\/www.sparta-imports.com\/equipos\/wp-content\/uploads\/2025\/07\/LAINOX-ORACLE-WEB.jpg\",\"width\":383,\"height\":492},{\"@type\":\"BreadcrumbList\",\"@id\":\"https:\/\/www.sparta-imports.com\/equipos\/producto\/horno-rapido-lainox-oracle\/#breadcrumb\",\"itemListElement\":[{\"@type\":\"ListItem\",\"position\":1,\"name\":\"Home\",\"item\":\"https:\/\/www.sparta-imports.com\/equipos\/\"},{\"@type\":\"ListItem\",\"position\":2,\"name\":\"Shop\",\"item\":\"https:\/\/www.sparta-imports.com\/equipos\/shop\/\"},{\"@type\":\"ListItem\",\"position\":3,\"name\":\"Horno R\u00e1pido Lainox Oracle\"}]},{\"@type\":\"WebSite\",\"@id\":\"https:\/\/www.sparta-imports.com\/equipos\/#website\",\"url\":\"https:\/\/www.sparta-imports.com\/equipos\/\",\"name\":\"Sparta Imports \/ Equipos\",\"description\":\"\",\"publisher\":{\"@id\":\"https:\/\/www.sparta-imports.com\/equipos\/#organization\"},\"potentialAction\":[{\"@type\":\"SearchAction\",\"target\":{\"@type\":\"EntryPoint\",\"urlTemplate\":\"https:\/\/www.sparta-imports.com\/equipos\/?s={search_term_string}\"},\"query-input\":{\"@type\":\"PropertyValueSpecification\",\"valueRequired\":true,\"valueName\":\"search_term_string\"}}],\"inLanguage\":\"es\"},{\"@type\":\"Organization\",\"@id\":\"https:\/\/www.sparta-imports.com\/equipos\/#organization\",\"name\":\"Sparta Imports \/ Equipos\",\"url\":\"https:\/\/www.sparta-imports.com\/equipos\/\",\"logo\":{\"@type\":\"ImageObject\",\"inLanguage\":\"es\",\"@id\":\"https:\/\/www.sparta-imports.com\/equipos\/#\/schema\/logo\/image\/\",\"url\":\"https:\/\/www.sparta-imports.com\/equipos\/wp-content\/uploads\/2015\/10\/cropped-Banner-Sparta-Import-Encabezado-Web-C.png\",\"contentUrl\":\"https:\/\/www.sparta-imports.com\/equipos\/wp-content\/uploads\/2015\/10\/cropped-Banner-Sparta-Import-Encabezado-Web-C.png\",\"width\":775,\"height\":272,\"caption\":\"Sparta Imports \/ Equipos\"},\"image\":{\"@id\":\"https:\/\/www.sparta-imports.com\/equipos\/#\/schema\/logo\/image\/\"}}]}<\/script>\n<!-- \/ Yoast SEO plugin. -->","yoast_head_json":{"title":"Horno R\u00e1pido Lainox Oracle - Sparta Imports \/ Equipos","robots":{"index":"index","follow":"follow","max-snippet":"max-snippet:-1","max-image-preview":"max-image-preview:large","max-video-preview":"max-video-preview:-1"},"canonical":"https:\/\/www.sparta-imports.com\/equipos\/producto\/horno-rapido-lainox-oracle\/","og_locale":"es_ES","og_type":"article","og_title":"Horno R\u00e1pido Lainox Oracle - Sparta Imports \/ Equipos","og_description":"Horno R\u00e1pido Lainox Oracle Cuando todo tiene que ser r\u00e1pido, necesita un horno que haga m\u00e1s para ayudar a cocinar una comida deliciosa. Todo es m\u00e1s r\u00e1pido con ORACLE, desde la instalaci\u00f3n hasta el servicio a los clientes. Creaci\u00f3n, actualizaci\u00f3n y gesti\u00f3n del men\u00fa, servicio express, capacitaci\u00f3n del personal, limpieza y mantenimiento. Potencia y velocidad para todos los requisitos de cocci\u00f3n: el dorado y el tostado garantizan platos sabrosos en todo momento, gracias a los tres m\u00e9todos de calentamiento  Ficha LAINOX ORACLE","og_url":"https:\/\/www.sparta-imports.com\/equipos\/producto\/horno-rapido-lainox-oracle\/","og_site_name":"Sparta Imports \/ Equipos","article_modified_time":"2025-07-19T14:09:59+00:00","og_image":[{"width":383,"height":492,"url":"https:\/\/www.sparta-imports.com\/equipos\/wp-content\/uploads\/2025\/07\/LAINOX-ORACLE-WEB.jpg","type":"image\/jpeg"}],"twitter_card":"summary_large_image","twitter_misc":{"Tiempo de lectura":"2 minutos"},"schema":{"@context":"https:\/\/schema.org","@graph":[{"@type":"WebPage","@id":"https:\/\/www.sparta-imports.com\/equipos\/producto\/horno-rapido-lainox-oracle\/","url":"https:\/\/www.sparta-imports.com\/equipos\/producto\/horno-rapido-lainox-oracle\/","name":"Horno R\u00e1pido Lainox Oracle - Sparta Imports \/ Equipos","isPartOf":{"@id":"https:\/\/www.sparta-imports.com\/equipos\/#website"},"primaryImageOfPage":{"@id":"https:\/\/www.sparta-imports.com\/equipos\/producto\/horno-rapido-lainox-oracle\/#primaryimage"},"image":{"@id":"https:\/\/www.sparta-imports.com\/equipos\/producto\/horno-rapido-lainox-oracle\/#primaryimage"},"thumbnailUrl":"https:\/\/www.sparta-imports.com\/equipos\/wp-content\/uploads\/2025\/07\/LAINOX-ORACLE-WEB.jpg","datePublished":"2025-07-15T20:14:52+00:00","dateModified":"2025-07-19T14:09:59+00:00","breadcrumb":{"@id":"https:\/\/www.sparta-imports.com\/equipos\/producto\/horno-rapido-lainox-oracle\/#breadcrumb"},"inLanguage":"es","potentialAction":[{"@type":"ReadAction","target":["https:\/\/www.sparta-imports.com\/equipos\/producto\/horno-rapido-lainox-oracle\/"]}]},{"@type":"ImageObject","inLanguage":"es","@id":"https:\/\/www.sparta-imports.com\/equipos\/producto\/horno-rapido-lainox-oracle\/#primaryimage","url":"https:\/\/www.sparta-imports.com\/equipos\/wp-content\/uploads\/2025\/07\/LAINOX-ORACLE-WEB.jpg","contentUrl":"https:\/\/www.sparta-imports.com\/equipos\/wp-content\/uploads\/2025\/07\/LAINOX-ORACLE-WEB.jpg","width":383,"height":492},{"@type":"BreadcrumbList","@id":"https:\/\/www.sparta-imports.com\/equipos\/producto\/horno-rapido-lainox-oracle\/#breadcrumb","itemListElement":[{"@type":"ListItem","position":1,"name":"Home","item":"https:\/\/www.sparta-imports.com\/equipos\/"},{"@type":"ListItem","position":2,"name":"Shop","item":"https:\/\/www.sparta-imports.com\/equipos\/shop\/"},{"@type":"ListItem","position":3,"name":"Horno R\u00e1pido Lainox Oracle"}]},{"@type":"WebSite","@id":"https:\/\/www.sparta-imports.com\/equipos\/#website","url":"https:\/\/www.sparta-imports.com\/equipos\/","name":"Sparta Imports \/ Equipos","description":"","publisher":{"@id":"https:\/\/www.sparta-imports.com\/equipos\/#organization"},"potentialAction":[{"@type":"SearchAction","target":{"@type":"EntryPoint","urlTemplate":"https:\/\/www.sparta-imports.com\/equipos\/?s={search_term_string}"},"query-input":{"@type":"PropertyValueSpecification","valueRequired":true,"valueName":"search_term_string"}}],"inLanguage":"es"},{"@type":"Organization","@id":"https:\/\/www.sparta-imports.com\/equipos\/#organization","name":"Sparta Imports \/ Equipos","url":"https:\/\/www.sparta-imports.com\/equipos\/","logo":{"@type":"ImageObject","inLanguage":"es","@id":"https:\/\/www.sparta-imports.com\/equipos\/#\/schema\/logo\/image\/","url":"https:\/\/www.sparta-imports.com\/equipos\/wp-content\/uploads\/2015\/10\/cropped-Banner-Sparta-Import-Encabezado-Web-C.png","contentUrl":"https:\/\/www.sparta-imports.com\/equipos\/wp-content\/uploads\/2015\/10\/cropped-Banner-Sparta-Import-Encabezado-Web-C.png","width":775,"height":272,"caption":"Sparta Imports \/ Equipos"},"image":{"@id":"https:\/\/www.sparta-imports.com\/equipos\/#\/schema\/logo\/image\/"}}]}},"_links":{"self":[{"href":"https:\/\/www.sparta-imports.com\/equipos\/wp-json\/wp\/v2\/product\/6876"}],"collection":[{"href":"https:\/\/www.sparta-imports.com\/equipos\/wp-json\/wp\/v2\/product"}],"about":[{"href":"https:\/\/www.sparta-imports.com\/equipos\/wp-json\/wp\/v2\/types\/product"}],"replies":[{"embeddable":true,"href":"https:\/\/www.sparta-imports.com\/equipos\/wp-json\/wp\/v2\/comments?post=6876"}],"wp:featuredmedia":[{"embeddable":true,"href":"https:\/\/www.sparta-imports.com\/equipos\/wp-json\/wp\/v2\/media\/6877"}],"wp:attachment":[{"href":"https:\/\/www.sparta-imports.com\/equipos\/wp-json\/wp\/v2\/media?parent=6876"}],"wp:term":[{"taxonomy":"product_cat","embeddable":true,"href":"https:\/\/www.sparta-imports.com\/equipos\/wp-json\/wp\/v2\/product_cat?post=6876"},{"taxonomy":"product_tag","embeddable":true,"href":"https:\/\/www.sparta-imports.com\/equipos\/wp-json\/wp\/v2\/product_tag?post=6876"}],"curies":[{"name":"wp","href":"https:\/\/api.w.org\/{rel}","templated":true}]}}