{"id":6825,"date":"2025-04-29T07:43:12","date_gmt":"2025-04-29T12:43:12","guid":{"rendered":"https:\/\/www.sparta-imports.com\/equipos\/?post_type=product&#038;p=6825"},"modified":"2025-04-29T07:45:38","modified_gmt":"2025-04-29T12:45:38","slug":"maquina-de-hacer-hielo-sparta-imports-blmi-500a","status":"publish","type":"product","link":"https:\/\/www.sparta-imports.com\/equipos\/producto\/maquina-de-hacer-hielo-sparta-imports-blmi-500a\/","title":{"rendered":"MAQUINA DE HACER HIELO Sparta Imports &#8211; BLMI-500A"},"content":{"rendered":"<p class=\"p1\">\u2022 El BLMI-500A produce hasta 240 kg de hielo al d\u00eda<\/p>\n<p class=\"p1\">\u2022 Las unidades producen cubitos de hielo individuales<\/p>\n<p class=\"p1\">\u00a0 \u00a0en forma de medialuna<\/p>\n<p class=\"p1\">\u2022 Gabinete de acero inoxidable duradero<\/p>\n<p class=\"p1\">\u2022 Evaporador de acero inoxidable<\/p>\n<p class=\"p1\">\u2022 Filtro de aire extra\u00edble<\/p>\n<p class=\"p1\">\u2022 Sistema de autodiagn\u00f3stico digital<\/p>\n<p class=\"p1\">\u00a0 \u00a0(Interruptor de encendido accesible sin necesidad de<\/p>\n<p class=\"p1\">\u00a0 \u00a0retirar el panel)<\/p>\n<p class=\"p1\">\u2022 Refrigerante ecol\u00f3gico (R-410A)<\/p>\n<p class=\"p1\">\u2022 Certificaci\u00f3n Energy Star<\/p>\n","protected":false},"excerpt":{"rendered":"<h4 class=\"p1\">Modelo: BLMI-500A<\/h4>\n<h5>Marca: Sparta imports<\/h5>\n<p class=\"p1\">Producci\u00f3n de Hielo: 240 kg. (al d\u00eda)<\/p>\n<p class=\"p1\">Condensador: Refrigerado por aire<\/p>\n<p class=\"p1\">Circuito m\u00ednimo Amperaje: 14<\/p>\n<p class=\"p1\">Voltaje V\/Hz\/Ph: 115V\/60\/1<\/p>\n<p class=\"p1\">Peso (lbs \/ kg): 161 \/ 73<\/p>\n<h4>DESCARGAR FICHA T\u00c9CNICA<\/h4>\n<p><strong><a href=\"https:\/\/www.sparta-imports.com\/equipos\/wp-content\/uploads\/2025\/04\/Maq-hielo-Sparta-Imp-BLMI-500A.pdf\">Maq hielo Sparta Imp BLMI-500A<\/a><\/strong><\/p>\n","protected":false},"featured_media":6826,"comment_status":"open","ping_status":"closed","template":"","meta":{"_coblocks_attr":"","_coblocks_dimensions":"","_coblocks_responsive_height":"","_coblocks_accordion_ie_support":""},"product_cat":[17,299,304],"product_tag":[],"class_list":{"0":"post-6825","1":"product","2":"type-product","3":"status-publish","4":"has-post-thumbnail","6":"product_cat-uncategorized","7":"product_cat-linea-fria","8":"product_cat-maquinas-hacer-hielo","9":"badges-style-2","11":"first","12":"instock","13":"shipping-taxable","14":"product-type-simple"},"yoast_head":"<!-- This site is optimized with the Yoast SEO plugin v23.8 - https:\/\/yoast.com\/wordpress\/plugins\/seo\/ -->\n<title>MAQUINA DE HACER HIELO Sparta Imports - BLMI-500A - Sparta Imports \/ Equipos<\/title>\n<meta name=\"robots\" content=\"index, follow, max-snippet:-1, max-image-preview:large, max-video-preview:-1\" \/>\n<link rel=\"canonical\" href=\"https:\/\/www.sparta-imports.com\/equipos\/producto\/maquina-de-hacer-hielo-sparta-imports-blmi-500a\/\" \/>\n<meta property=\"og:locale\" content=\"es_ES\" \/>\n<meta property=\"og:type\" content=\"article\" \/>\n<meta property=\"og:title\" content=\"MAQUINA DE HACER HIELO Sparta Imports - BLMI-500A - Sparta Imports \/ Equipos\" \/>\n<meta property=\"og:description\" content=\"Modelo: BLMI-500A Marca: Sparta imports Producci\u00f3n de Hielo: 240 kg. (al d\u00eda) Condensador: Refrigerado por aire Circuito m\u00ednimo Amperaje: 14 Voltaje V\/Hz\/Ph: 115V\/60\/1 Peso (lbs \/ kg): 161 \/ 73  DESCARGAR FICHA T\u00c9CNICA Maq hielo Sparta Imp BLMI-500A\" \/>\n<meta property=\"og:url\" content=\"https:\/\/www.sparta-imports.com\/equipos\/producto\/maquina-de-hacer-hielo-sparta-imports-blmi-500a\/\" \/>\n<meta property=\"og:site_name\" content=\"Sparta Imports \/ Equipos\" \/>\n<meta property=\"article:modified_time\" content=\"2025-04-29T12:45:38+00:00\" \/>\n<meta property=\"og:image\" content=\"https:\/\/www.sparta-imports.com\/equipos\/wp-content\/uploads\/2025\/04\/09-BLMI-500A.jpg\" \/>\n\t<meta property=\"og:image:width\" content=\"1300\" \/>\n\t<meta property=\"og:image:height\" content=\"1094\" \/>\n\t<meta property=\"og:image:type\" content=\"image\/jpeg\" \/>\n<meta name=\"twitter:card\" content=\"summary_large_image\" \/>\n<meta name=\"twitter:label1\" content=\"Tiempo de lectura\" \/>\n\t<meta name=\"twitter:data1\" content=\"1 minuto\" \/>\n<script type=\"application\/ld+json\" class=\"yoast-schema-graph\">{\"@context\":\"https:\/\/schema.org\",\"@graph\":[{\"@type\":\"WebPage\",\"@id\":\"https:\/\/www.sparta-imports.com\/equipos\/producto\/maquina-de-hacer-hielo-sparta-imports-blmi-500a\/\",\"url\":\"https:\/\/www.sparta-imports.com\/equipos\/producto\/maquina-de-hacer-hielo-sparta-imports-blmi-500a\/\",\"name\":\"MAQUINA DE HACER HIELO Sparta Imports - BLMI-500A - Sparta Imports \/ Equipos\",\"isPartOf\":{\"@id\":\"https:\/\/www.sparta-imports.com\/equipos\/#website\"},\"primaryImageOfPage\":{\"@id\":\"https:\/\/www.sparta-imports.com\/equipos\/producto\/maquina-de-hacer-hielo-sparta-imports-blmi-500a\/#primaryimage\"},\"image\":{\"@id\":\"https:\/\/www.sparta-imports.com\/equipos\/producto\/maquina-de-hacer-hielo-sparta-imports-blmi-500a\/#primaryimage\"},\"thumbnailUrl\":\"https:\/\/www.sparta-imports.com\/equipos\/wp-content\/uploads\/2025\/04\/09-BLMI-500A.jpg\",\"datePublished\":\"2025-04-29T12:43:12+00:00\",\"dateModified\":\"2025-04-29T12:45:38+00:00\",\"breadcrumb\":{\"@id\":\"https:\/\/www.sparta-imports.com\/equipos\/producto\/maquina-de-hacer-hielo-sparta-imports-blmi-500a\/#breadcrumb\"},\"inLanguage\":\"es\",\"potentialAction\":[{\"@type\":\"ReadAction\",\"target\":[\"https:\/\/www.sparta-imports.com\/equipos\/producto\/maquina-de-hacer-hielo-sparta-imports-blmi-500a\/\"]}]},{\"@type\":\"ImageObject\",\"inLanguage\":\"es\",\"@id\":\"https:\/\/www.sparta-imports.com\/equipos\/producto\/maquina-de-hacer-hielo-sparta-imports-blmi-500a\/#primaryimage\",\"url\":\"https:\/\/www.sparta-imports.com\/equipos\/wp-content\/uploads\/2025\/04\/09-BLMI-500A.jpg\",\"contentUrl\":\"https:\/\/www.sparta-imports.com\/equipos\/wp-content\/uploads\/2025\/04\/09-BLMI-500A.jpg\",\"width\":1300,\"height\":1094},{\"@type\":\"BreadcrumbList\",\"@id\":\"https:\/\/www.sparta-imports.com\/equipos\/producto\/maquina-de-hacer-hielo-sparta-imports-blmi-500a\/#breadcrumb\",\"itemListElement\":[{\"@type\":\"ListItem\",\"position\":1,\"name\":\"Home\",\"item\":\"https:\/\/www.sparta-imports.com\/equipos\/\"},{\"@type\":\"ListItem\",\"position\":2,\"name\":\"Shop\",\"item\":\"https:\/\/www.sparta-imports.com\/equipos\/shop\/\"},{\"@type\":\"ListItem\",\"position\":3,\"name\":\"MAQUINA DE HACER HIELO Sparta Imports &#8211; BLMI-500A\"}]},{\"@type\":\"WebSite\",\"@id\":\"https:\/\/www.sparta-imports.com\/equipos\/#website\",\"url\":\"https:\/\/www.sparta-imports.com\/equipos\/\",\"name\":\"Sparta Imports \/ Equipos\",\"description\":\"\",\"publisher\":{\"@id\":\"https:\/\/www.sparta-imports.com\/equipos\/#organization\"},\"potentialAction\":[{\"@type\":\"SearchAction\",\"target\":{\"@type\":\"EntryPoint\",\"urlTemplate\":\"https:\/\/www.sparta-imports.com\/equipos\/?s={search_term_string}\"},\"query-input\":{\"@type\":\"PropertyValueSpecification\",\"valueRequired\":true,\"valueName\":\"search_term_string\"}}],\"inLanguage\":\"es\"},{\"@type\":\"Organization\",\"@id\":\"https:\/\/www.sparta-imports.com\/equipos\/#organization\",\"name\":\"Sparta Imports \/ Equipos\",\"url\":\"https:\/\/www.sparta-imports.com\/equipos\/\",\"logo\":{\"@type\":\"ImageObject\",\"inLanguage\":\"es\",\"@id\":\"https:\/\/www.sparta-imports.com\/equipos\/#\/schema\/logo\/image\/\",\"url\":\"https:\/\/www.sparta-imports.com\/equipos\/wp-content\/uploads\/2015\/10\/cropped-Banner-Sparta-Import-Encabezado-Web-C.png\",\"contentUrl\":\"https:\/\/www.sparta-imports.com\/equipos\/wp-content\/uploads\/2015\/10\/cropped-Banner-Sparta-Import-Encabezado-Web-C.png\",\"width\":775,\"height\":272,\"caption\":\"Sparta Imports \/ Equipos\"},\"image\":{\"@id\":\"https:\/\/www.sparta-imports.com\/equipos\/#\/schema\/logo\/image\/\"}}]}<\/script>\n<!-- \/ Yoast SEO plugin. -->","yoast_head_json":{"title":"MAQUINA DE HACER HIELO Sparta Imports - BLMI-500A - Sparta Imports \/ Equipos","robots":{"index":"index","follow":"follow","max-snippet":"max-snippet:-1","max-image-preview":"max-image-preview:large","max-video-preview":"max-video-preview:-1"},"canonical":"https:\/\/www.sparta-imports.com\/equipos\/producto\/maquina-de-hacer-hielo-sparta-imports-blmi-500a\/","og_locale":"es_ES","og_type":"article","og_title":"MAQUINA DE HACER HIELO Sparta Imports - BLMI-500A - Sparta Imports \/ Equipos","og_description":"Modelo: BLMI-500A Marca: Sparta imports Producci\u00f3n de Hielo: 240 kg. (al d\u00eda) Condensador: Refrigerado por aire Circuito m\u00ednimo Amperaje: 14 Voltaje V\/Hz\/Ph: 115V\/60\/1 Peso (lbs \/ kg): 161 \/ 73  DESCARGAR FICHA T\u00c9CNICA Maq hielo Sparta Imp BLMI-500A","og_url":"https:\/\/www.sparta-imports.com\/equipos\/producto\/maquina-de-hacer-hielo-sparta-imports-blmi-500a\/","og_site_name":"Sparta Imports \/ Equipos","article_modified_time":"2025-04-29T12:45:38+00:00","og_image":[{"width":1300,"height":1094,"url":"https:\/\/www.sparta-imports.com\/equipos\/wp-content\/uploads\/2025\/04\/09-BLMI-500A.jpg","type":"image\/jpeg"}],"twitter_card":"summary_large_image","twitter_misc":{"Tiempo de lectura":"1 minuto"},"schema":{"@context":"https:\/\/schema.org","@graph":[{"@type":"WebPage","@id":"https:\/\/www.sparta-imports.com\/equipos\/producto\/maquina-de-hacer-hielo-sparta-imports-blmi-500a\/","url":"https:\/\/www.sparta-imports.com\/equipos\/producto\/maquina-de-hacer-hielo-sparta-imports-blmi-500a\/","name":"MAQUINA DE HACER HIELO Sparta Imports - BLMI-500A - Sparta Imports \/ Equipos","isPartOf":{"@id":"https:\/\/www.sparta-imports.com\/equipos\/#website"},"primaryImageOfPage":{"@id":"https:\/\/www.sparta-imports.com\/equipos\/producto\/maquina-de-hacer-hielo-sparta-imports-blmi-500a\/#primaryimage"},"image":{"@id":"https:\/\/www.sparta-imports.com\/equipos\/producto\/maquina-de-hacer-hielo-sparta-imports-blmi-500a\/#primaryimage"},"thumbnailUrl":"https:\/\/www.sparta-imports.com\/equipos\/wp-content\/uploads\/2025\/04\/09-BLMI-500A.jpg","datePublished":"2025-04-29T12:43:12+00:00","dateModified":"2025-04-29T12:45:38+00:00","breadcrumb":{"@id":"https:\/\/www.sparta-imports.com\/equipos\/producto\/maquina-de-hacer-hielo-sparta-imports-blmi-500a\/#breadcrumb"},"inLanguage":"es","potentialAction":[{"@type":"ReadAction","target":["https:\/\/www.sparta-imports.com\/equipos\/producto\/maquina-de-hacer-hielo-sparta-imports-blmi-500a\/"]}]},{"@type":"ImageObject","inLanguage":"es","@id":"https:\/\/www.sparta-imports.com\/equipos\/producto\/maquina-de-hacer-hielo-sparta-imports-blmi-500a\/#primaryimage","url":"https:\/\/www.sparta-imports.com\/equipos\/wp-content\/uploads\/2025\/04\/09-BLMI-500A.jpg","contentUrl":"https:\/\/www.sparta-imports.com\/equipos\/wp-content\/uploads\/2025\/04\/09-BLMI-500A.jpg","width":1300,"height":1094},{"@type":"BreadcrumbList","@id":"https:\/\/www.sparta-imports.com\/equipos\/producto\/maquina-de-hacer-hielo-sparta-imports-blmi-500a\/#breadcrumb","itemListElement":[{"@type":"ListItem","position":1,"name":"Home","item":"https:\/\/www.sparta-imports.com\/equipos\/"},{"@type":"ListItem","position":2,"name":"Shop","item":"https:\/\/www.sparta-imports.com\/equipos\/shop\/"},{"@type":"ListItem","position":3,"name":"MAQUINA DE HACER HIELO Sparta Imports &#8211; BLMI-500A"}]},{"@type":"WebSite","@id":"https:\/\/www.sparta-imports.com\/equipos\/#website","url":"https:\/\/www.sparta-imports.com\/equipos\/","name":"Sparta Imports \/ Equipos","description":"","publisher":{"@id":"https:\/\/www.sparta-imports.com\/equipos\/#organization"},"potentialAction":[{"@type":"SearchAction","target":{"@type":"EntryPoint","urlTemplate":"https:\/\/www.sparta-imports.com\/equipos\/?s={search_term_string}"},"query-input":{"@type":"PropertyValueSpecification","valueRequired":true,"valueName":"search_term_string"}}],"inLanguage":"es"},{"@type":"Organization","@id":"https:\/\/www.sparta-imports.com\/equipos\/#organization","name":"Sparta Imports \/ Equipos","url":"https:\/\/www.sparta-imports.com\/equipos\/","logo":{"@type":"ImageObject","inLanguage":"es","@id":"https:\/\/www.sparta-imports.com\/equipos\/#\/schema\/logo\/image\/","url":"https:\/\/www.sparta-imports.com\/equipos\/wp-content\/uploads\/2015\/10\/cropped-Banner-Sparta-Import-Encabezado-Web-C.png","contentUrl":"https:\/\/www.sparta-imports.com\/equipos\/wp-content\/uploads\/2015\/10\/cropped-Banner-Sparta-Import-Encabezado-Web-C.png","width":775,"height":272,"caption":"Sparta Imports \/ Equipos"},"image":{"@id":"https:\/\/www.sparta-imports.com\/equipos\/#\/schema\/logo\/image\/"}}]}},"_links":{"self":[{"href":"https:\/\/www.sparta-imports.com\/equipos\/wp-json\/wp\/v2\/product\/6825"}],"collection":[{"href":"https:\/\/www.sparta-imports.com\/equipos\/wp-json\/wp\/v2\/product"}],"about":[{"href":"https:\/\/www.sparta-imports.com\/equipos\/wp-json\/wp\/v2\/types\/product"}],"replies":[{"embeddable":true,"href":"https:\/\/www.sparta-imports.com\/equipos\/wp-json\/wp\/v2\/comments?post=6825"}],"wp:featuredmedia":[{"embeddable":true,"href":"https:\/\/www.sparta-imports.com\/equipos\/wp-json\/wp\/v2\/media\/6826"}],"wp:attachment":[{"href":"https:\/\/www.sparta-imports.com\/equipos\/wp-json\/wp\/v2\/media?parent=6825"}],"wp:term":[{"taxonomy":"product_cat","embeddable":true,"href":"https:\/\/www.sparta-imports.com\/equipos\/wp-json\/wp\/v2\/product_cat?post=6825"},{"taxonomy":"product_tag","embeddable":true,"href":"https:\/\/www.sparta-imports.com\/equipos\/wp-json\/wp\/v2\/product_tag?post=6825"}],"curies":[{"name":"wp","href":"https:\/\/api.w.org\/{rel}","templated":true}]}}