{"id":6790,"date":"2025-04-10T16:50:07","date_gmt":"2025-04-10T21:50:07","guid":{"rendered":"https:\/\/www.sparta-imports.com\/equipos\/?post_type=product&#038;p=6790"},"modified":"2025-04-11T14:47:26","modified_gmt":"2025-04-11T19:47:26","slug":"centrifugadora-de-ensaladas-sammic-es-200","status":"publish","type":"product","link":"https:\/\/www.sparta-imports.com\/equipos\/producto\/centrifugadora-de-ensaladas-sammic-es-200\/","title":{"rendered":"CENTRIFUGADORA DE ENSALADAS SAMMIC &#8211; ES-200"},"content":{"rendered":"<p class=\"p1\">\u2022 Construcci\u00f3n en acero inoxidable.<\/p>\n<p class=\"p1\">\u2022 Cesta de acero inoxidable ligera y extra\u00edble.<\/p>\n<p class=\"p1\">\u2022 Geometr\u00eda compacta: se adapta f\u00e1cilmente debajo de encimeras est\u00e1ndar<\/p>\n<p class=\"p1\">\u00a0 \u00a0convencionales.<\/p>\n<p class=\"p1\">\u2022 Equipado con ruedas que permiten al operador mover la unidad por la<\/p>\n<p class=\"p1\">\u00a0 \u00a0cocina y debajo de la encimera para un f\u00e1cil almacenamiento.<\/p>\n<p class=\"p1\">\u2022 Tapa transparente y resistente para facilitar el control.<\/p>\n<p class=\"p1\">\u2022 Tapa equipada con mecanismo de apertura autom\u00e1tica, para facilitar el<\/p>\n<p class=\"p1\">\u00a0 \u00a0acceso a la cesta.<\/p>\n<p class=\"p1\">\u2022 Panel de control impermeable y f\u00e1cil de usar. Funciones avanzadas.<\/p>\n<p class=\"p1\">\u2022 Temporizador electr\u00f3nico con 3 ciclos fijos.<\/p>\n<p class=\"p1\">\u2022 Sistema de detecci\u00f3n de distribuci\u00f3n de peso ( VCS ) para evitar<\/p>\n<p class=\"p1\">\u00a0 \u00a0vibraciones. Mecanismo de autobloqueo para asegurar la correcta sujeci\u00f3n<\/p>\n<p class=\"p1\">\u00a0 \u00a0de la cesta antes del inicio del ciclo.<\/p>\n<p class=\"p1\">\u2022 Mecanismo de seguridad del sistema de frenado: permite que la cesta deje<\/p>\n<p class=\"p1\">\u00a0 \u00a0de girar tan pronto como se abre la tapa.<\/p>\n<p class=\"p1\">\u2022 Aparece un indicador cuando la puerta est\u00e1 abierta.<\/p>\n","protected":false},"excerpt":{"rendered":"<h4 class=\"p1\"><strong>Modelo ES-200<\/strong><\/h4>\n<h4 class=\"p1\">Marca SAMMIC<\/h4>\n<p class=\"p1\">Las centrifugadoras para ensaladas Sammic secan lechuga y otras<\/p>\n<p class=\"p1\">verduras en tan solo 13 minutos gracias a su alta velocidad (900 rpm),<\/p>\n<p class=\"p1\">lo que garantiza una buena calidad del producto.<\/p>\n<p class=\"p1\">Equipado con potentes motores trif\u00e1sicos controlados por variador<\/p>\n<p class=\"p1\">electr\u00f3nico de velocidad de alta fiabilidad, que permite conectar el<\/p>\n<p class=\"p1\">secador de ensaladas a la red el\u00e9ctrica monof\u00e1sica.<\/p>\n<h5>DESCARGAR FICHA T\u00c9CNICA<\/h5>\n<p><span style=\"color: #0000ff;\"><strong><a style=\"color: #0000ff;\" href=\"https:\/\/www.sparta-imports.com\/equipos\/wp-content\/uploads\/2025\/04\/65-CENTRIFUGADORA-SAMMIC-ES-200.pdf\">CENTRIFUGADORA SAMMIC ES-200<\/a><\/strong><\/span><\/p>\n","protected":false},"featured_media":6792,"comment_status":"open","ping_status":"closed","template":"","meta":{"_coblocks_attr":"","_coblocks_dimensions":"","_coblocks_responsive_height":"","_coblocks_accordion_ie_support":""},"product_cat":[306],"product_tag":[],"class_list":{"0":"post-6790","1":"product","2":"type-product","3":"status-publish","4":"has-post-thumbnail","6":"product_cat-equipos-complementarios","7":"badges-style-2","9":"first","10":"instock","11":"shipping-taxable","12":"product-type-simple"},"yoast_head":"<!-- This site is optimized with the Yoast SEO plugin v23.8 - https:\/\/yoast.com\/wordpress\/plugins\/seo\/ -->\n<title>CENTRIFUGADORA DE ENSALADAS SAMMIC - ES-200 - Sparta Imports \/ Equipos<\/title>\n<meta name=\"robots\" content=\"index, follow, max-snippet:-1, max-image-preview:large, max-video-preview:-1\" \/>\n<link rel=\"canonical\" href=\"https:\/\/www.sparta-imports.com\/equipos\/producto\/centrifugadora-de-ensaladas-sammic-es-200\/\" \/>\n<meta property=\"og:locale\" content=\"es_ES\" \/>\n<meta property=\"og:type\" content=\"article\" \/>\n<meta property=\"og:title\" content=\"CENTRIFUGADORA DE ENSALADAS SAMMIC - ES-200 - Sparta Imports \/ Equipos\" \/>\n<meta property=\"og:description\" content=\"Modelo ES-200 Marca SAMMIC Las centrifugadoras para ensaladas Sammic secan lechuga y otras verduras en tan solo 13 minutos gracias a su alta velocidad (900 rpm), lo que garantiza una buena calidad del producto. Equipado con potentes motores trif\u00e1sicos controlados por variador electr\u00f3nico de velocidad de alta fiabilidad, que permite conectar el secador de ensaladas a la red el\u00e9ctrica monof\u00e1sica.  DESCARGAR FICHA T\u00c9CNICA CENTRIFUGADORA SAMMIC ES-200\" \/>\n<meta property=\"og:url\" content=\"https:\/\/www.sparta-imports.com\/equipos\/producto\/centrifugadora-de-ensaladas-sammic-es-200\/\" \/>\n<meta property=\"og:site_name\" content=\"Sparta Imports \/ Equipos\" \/>\n<meta property=\"article:modified_time\" content=\"2025-04-11T19:47:26+00:00\" \/>\n<meta property=\"og:image\" content=\"https:\/\/www.sparta-imports.com\/equipos\/wp-content\/uploads\/2025\/04\/02-Centrifugadora-ES100-.jpg\" \/>\n\t<meta property=\"og:image:width\" content=\"360\" \/>\n\t<meta property=\"og:image:height\" content=\"303\" \/>\n\t<meta property=\"og:image:type\" content=\"image\/jpeg\" \/>\n<meta name=\"twitter:card\" content=\"summary_large_image\" \/>\n<meta name=\"twitter:label1\" content=\"Tiempo de lectura\" \/>\n\t<meta name=\"twitter:data1\" content=\"1 minuto\" \/>\n<script type=\"application\/ld+json\" class=\"yoast-schema-graph\">{\"@context\":\"https:\/\/schema.org\",\"@graph\":[{\"@type\":\"WebPage\",\"@id\":\"https:\/\/www.sparta-imports.com\/equipos\/producto\/centrifugadora-de-ensaladas-sammic-es-200\/\",\"url\":\"https:\/\/www.sparta-imports.com\/equipos\/producto\/centrifugadora-de-ensaladas-sammic-es-200\/\",\"name\":\"CENTRIFUGADORA DE ENSALADAS SAMMIC - ES-200 - Sparta Imports \/ Equipos\",\"isPartOf\":{\"@id\":\"https:\/\/www.sparta-imports.com\/equipos\/#website\"},\"primaryImageOfPage\":{\"@id\":\"https:\/\/www.sparta-imports.com\/equipos\/producto\/centrifugadora-de-ensaladas-sammic-es-200\/#primaryimage\"},\"image\":{\"@id\":\"https:\/\/www.sparta-imports.com\/equipos\/producto\/centrifugadora-de-ensaladas-sammic-es-200\/#primaryimage\"},\"thumbnailUrl\":\"https:\/\/www.sparta-imports.com\/equipos\/wp-content\/uploads\/2025\/04\/02-Centrifugadora-ES100-.jpg\",\"datePublished\":\"2025-04-10T21:50:07+00:00\",\"dateModified\":\"2025-04-11T19:47:26+00:00\",\"breadcrumb\":{\"@id\":\"https:\/\/www.sparta-imports.com\/equipos\/producto\/centrifugadora-de-ensaladas-sammic-es-200\/#breadcrumb\"},\"inLanguage\":\"es\",\"potentialAction\":[{\"@type\":\"ReadAction\",\"target\":[\"https:\/\/www.sparta-imports.com\/equipos\/producto\/centrifugadora-de-ensaladas-sammic-es-200\/\"]}]},{\"@type\":\"ImageObject\",\"inLanguage\":\"es\",\"@id\":\"https:\/\/www.sparta-imports.com\/equipos\/producto\/centrifugadora-de-ensaladas-sammic-es-200\/#primaryimage\",\"url\":\"https:\/\/www.sparta-imports.com\/equipos\/wp-content\/uploads\/2025\/04\/02-Centrifugadora-ES100-.jpg\",\"contentUrl\":\"https:\/\/www.sparta-imports.com\/equipos\/wp-content\/uploads\/2025\/04\/02-Centrifugadora-ES100-.jpg\",\"width\":360,\"height\":303},{\"@type\":\"BreadcrumbList\",\"@id\":\"https:\/\/www.sparta-imports.com\/equipos\/producto\/centrifugadora-de-ensaladas-sammic-es-200\/#breadcrumb\",\"itemListElement\":[{\"@type\":\"ListItem\",\"position\":1,\"name\":\"Home\",\"item\":\"https:\/\/www.sparta-imports.com\/equipos\/\"},{\"@type\":\"ListItem\",\"position\":2,\"name\":\"Shop\",\"item\":\"https:\/\/www.sparta-imports.com\/equipos\/shop\/\"},{\"@type\":\"ListItem\",\"position\":3,\"name\":\"CENTRIFUGADORA DE ENSALADAS SAMMIC &#8211; ES-200\"}]},{\"@type\":\"WebSite\",\"@id\":\"https:\/\/www.sparta-imports.com\/equipos\/#website\",\"url\":\"https:\/\/www.sparta-imports.com\/equipos\/\",\"name\":\"Sparta Imports \/ Equipos\",\"description\":\"\",\"publisher\":{\"@id\":\"https:\/\/www.sparta-imports.com\/equipos\/#organization\"},\"potentialAction\":[{\"@type\":\"SearchAction\",\"target\":{\"@type\":\"EntryPoint\",\"urlTemplate\":\"https:\/\/www.sparta-imports.com\/equipos\/?s={search_term_string}\"},\"query-input\":{\"@type\":\"PropertyValueSpecification\",\"valueRequired\":true,\"valueName\":\"search_term_string\"}}],\"inLanguage\":\"es\"},{\"@type\":\"Organization\",\"@id\":\"https:\/\/www.sparta-imports.com\/equipos\/#organization\",\"name\":\"Sparta Imports \/ Equipos\",\"url\":\"https:\/\/www.sparta-imports.com\/equipos\/\",\"logo\":{\"@type\":\"ImageObject\",\"inLanguage\":\"es\",\"@id\":\"https:\/\/www.sparta-imports.com\/equipos\/#\/schema\/logo\/image\/\",\"url\":\"https:\/\/www.sparta-imports.com\/equipos\/wp-content\/uploads\/2015\/10\/cropped-Banner-Sparta-Import-Encabezado-Web-C.png\",\"contentUrl\":\"https:\/\/www.sparta-imports.com\/equipos\/wp-content\/uploads\/2015\/10\/cropped-Banner-Sparta-Import-Encabezado-Web-C.png\",\"width\":775,\"height\":272,\"caption\":\"Sparta Imports \/ Equipos\"},\"image\":{\"@id\":\"https:\/\/www.sparta-imports.com\/equipos\/#\/schema\/logo\/image\/\"}}]}<\/script>\n<!-- \/ Yoast SEO plugin. -->","yoast_head_json":{"title":"CENTRIFUGADORA DE ENSALADAS SAMMIC - ES-200 - Sparta Imports \/ Equipos","robots":{"index":"index","follow":"follow","max-snippet":"max-snippet:-1","max-image-preview":"max-image-preview:large","max-video-preview":"max-video-preview:-1"},"canonical":"https:\/\/www.sparta-imports.com\/equipos\/producto\/centrifugadora-de-ensaladas-sammic-es-200\/","og_locale":"es_ES","og_type":"article","og_title":"CENTRIFUGADORA DE ENSALADAS SAMMIC - ES-200 - Sparta Imports \/ Equipos","og_description":"Modelo ES-200 Marca SAMMIC Las centrifugadoras para ensaladas Sammic secan lechuga y otras verduras en tan solo 13 minutos gracias a su alta velocidad (900 rpm), lo que garantiza una buena calidad del producto. Equipado con potentes motores trif\u00e1sicos controlados por variador electr\u00f3nico de velocidad de alta fiabilidad, que permite conectar el secador de ensaladas a la red el\u00e9ctrica monof\u00e1sica.  DESCARGAR FICHA T\u00c9CNICA CENTRIFUGADORA SAMMIC ES-200","og_url":"https:\/\/www.sparta-imports.com\/equipos\/producto\/centrifugadora-de-ensaladas-sammic-es-200\/","og_site_name":"Sparta Imports \/ Equipos","article_modified_time":"2025-04-11T19:47:26+00:00","og_image":[{"width":360,"height":303,"url":"https:\/\/www.sparta-imports.com\/equipos\/wp-content\/uploads\/2025\/04\/02-Centrifugadora-ES100-.jpg","type":"image\/jpeg"}],"twitter_card":"summary_large_image","twitter_misc":{"Tiempo de lectura":"1 minuto"},"schema":{"@context":"https:\/\/schema.org","@graph":[{"@type":"WebPage","@id":"https:\/\/www.sparta-imports.com\/equipos\/producto\/centrifugadora-de-ensaladas-sammic-es-200\/","url":"https:\/\/www.sparta-imports.com\/equipos\/producto\/centrifugadora-de-ensaladas-sammic-es-200\/","name":"CENTRIFUGADORA DE ENSALADAS SAMMIC - ES-200 - Sparta Imports \/ Equipos","isPartOf":{"@id":"https:\/\/www.sparta-imports.com\/equipos\/#website"},"primaryImageOfPage":{"@id":"https:\/\/www.sparta-imports.com\/equipos\/producto\/centrifugadora-de-ensaladas-sammic-es-200\/#primaryimage"},"image":{"@id":"https:\/\/www.sparta-imports.com\/equipos\/producto\/centrifugadora-de-ensaladas-sammic-es-200\/#primaryimage"},"thumbnailUrl":"https:\/\/www.sparta-imports.com\/equipos\/wp-content\/uploads\/2025\/04\/02-Centrifugadora-ES100-.jpg","datePublished":"2025-04-10T21:50:07+00:00","dateModified":"2025-04-11T19:47:26+00:00","breadcrumb":{"@id":"https:\/\/www.sparta-imports.com\/equipos\/producto\/centrifugadora-de-ensaladas-sammic-es-200\/#breadcrumb"},"inLanguage":"es","potentialAction":[{"@type":"ReadAction","target":["https:\/\/www.sparta-imports.com\/equipos\/producto\/centrifugadora-de-ensaladas-sammic-es-200\/"]}]},{"@type":"ImageObject","inLanguage":"es","@id":"https:\/\/www.sparta-imports.com\/equipos\/producto\/centrifugadora-de-ensaladas-sammic-es-200\/#primaryimage","url":"https:\/\/www.sparta-imports.com\/equipos\/wp-content\/uploads\/2025\/04\/02-Centrifugadora-ES100-.jpg","contentUrl":"https:\/\/www.sparta-imports.com\/equipos\/wp-content\/uploads\/2025\/04\/02-Centrifugadora-ES100-.jpg","width":360,"height":303},{"@type":"BreadcrumbList","@id":"https:\/\/www.sparta-imports.com\/equipos\/producto\/centrifugadora-de-ensaladas-sammic-es-200\/#breadcrumb","itemListElement":[{"@type":"ListItem","position":1,"name":"Home","item":"https:\/\/www.sparta-imports.com\/equipos\/"},{"@type":"ListItem","position":2,"name":"Shop","item":"https:\/\/www.sparta-imports.com\/equipos\/shop\/"},{"@type":"ListItem","position":3,"name":"CENTRIFUGADORA DE ENSALADAS SAMMIC &#8211; ES-200"}]},{"@type":"WebSite","@id":"https:\/\/www.sparta-imports.com\/equipos\/#website","url":"https:\/\/www.sparta-imports.com\/equipos\/","name":"Sparta Imports \/ Equipos","description":"","publisher":{"@id":"https:\/\/www.sparta-imports.com\/equipos\/#organization"},"potentialAction":[{"@type":"SearchAction","target":{"@type":"EntryPoint","urlTemplate":"https:\/\/www.sparta-imports.com\/equipos\/?s={search_term_string}"},"query-input":{"@type":"PropertyValueSpecification","valueRequired":true,"valueName":"search_term_string"}}],"inLanguage":"es"},{"@type":"Organization","@id":"https:\/\/www.sparta-imports.com\/equipos\/#organization","name":"Sparta Imports \/ Equipos","url":"https:\/\/www.sparta-imports.com\/equipos\/","logo":{"@type":"ImageObject","inLanguage":"es","@id":"https:\/\/www.sparta-imports.com\/equipos\/#\/schema\/logo\/image\/","url":"https:\/\/www.sparta-imports.com\/equipos\/wp-content\/uploads\/2015\/10\/cropped-Banner-Sparta-Import-Encabezado-Web-C.png","contentUrl":"https:\/\/www.sparta-imports.com\/equipos\/wp-content\/uploads\/2015\/10\/cropped-Banner-Sparta-Import-Encabezado-Web-C.png","width":775,"height":272,"caption":"Sparta Imports \/ Equipos"},"image":{"@id":"https:\/\/www.sparta-imports.com\/equipos\/#\/schema\/logo\/image\/"}}]}},"_links":{"self":[{"href":"https:\/\/www.sparta-imports.com\/equipos\/wp-json\/wp\/v2\/product\/6790"}],"collection":[{"href":"https:\/\/www.sparta-imports.com\/equipos\/wp-json\/wp\/v2\/product"}],"about":[{"href":"https:\/\/www.sparta-imports.com\/equipos\/wp-json\/wp\/v2\/types\/product"}],"replies":[{"embeddable":true,"href":"https:\/\/www.sparta-imports.com\/equipos\/wp-json\/wp\/v2\/comments?post=6790"}],"wp:featuredmedia":[{"embeddable":true,"href":"https:\/\/www.sparta-imports.com\/equipos\/wp-json\/wp\/v2\/media\/6792"}],"wp:attachment":[{"href":"https:\/\/www.sparta-imports.com\/equipos\/wp-json\/wp\/v2\/media?parent=6790"}],"wp:term":[{"taxonomy":"product_cat","embeddable":true,"href":"https:\/\/www.sparta-imports.com\/equipos\/wp-json\/wp\/v2\/product_cat?post=6790"},{"taxonomy":"product_tag","embeddable":true,"href":"https:\/\/www.sparta-imports.com\/equipos\/wp-json\/wp\/v2\/product_tag?post=6790"}],"curies":[{"name":"wp","href":"https:\/\/api.w.org\/{rel}","templated":true}]}}