{"id":6558,"date":"2023-12-23T15:08:25","date_gmt":"2023-12-23T20:08:25","guid":{"rendered":"https:\/\/www.sparta-imports.com\/equipos\/?post_type=product&#038;p=6558"},"modified":"2023-12-23T15:13:25","modified_gmt":"2023-12-23T20:13:25","slug":"horno-conveccion-a-gas-sparta-import-atco-513b-1","status":"publish","type":"product","link":"https:\/\/www.sparta-imports.com\/equipos\/producto\/horno-conveccion-a-gas-sparta-import-atco-513b-1\/","title":{"rendered":"Horno Convecci\u00f3n a Gas Sparta Import -ATCO-513B-1"},"content":{"rendered":"<p><strong>Horno Convecci\u00f3n a Gas (profundidad panader\u00eda)<\/strong><\/p>\n<div>\u2022 Exterior de acero inoxidable e interior esmaltado con esquinas<\/div>\n<div>\u00a0 \u00a0redondeadas para facilitar la limpieza<\/div>\n<div>\u2022 Puertas dependientes 50\/50 con vidrio templado t\u00e9rmico de doble<\/div>\n<div>\u00a0 \u00a0panel en el modelo Bakery Depth<\/div>\n<div>\u2022 El modelo Bakery Depth acepta cinco (5) bandejas para hornear<\/div>\n<div>\u00a0 \u00a0est\u00e1ndar de tama\u00f1o completo de 18&#8221; X 26&#8221; de izquierda a derecha<\/div>\n<div>\u00a0 \u00a0o de adelante hacia atr\u00e1s<\/div>\n<div>\u2022 El modelo de profundidad est\u00e1ndar acepta cinco (5) bandejas para<\/div>\n<div>\u00a0 \u00a0hornear est\u00e1ndar de tama\u00f1o completo de 18&#8221; X 26&#8221; de izquierda a<\/div>\n<div>\u00a0 \u00a0derecha<\/div>\n<div>\u2022 El modelo de profundidad est\u00e1ndar tiene puertas independientes<\/div>\n<div>\u2022 Controlador digital de estado s\u00f3lido con funci\u00f3n Cook &#8216;n&#8217; Hold<\/div>\n<div>\u2022 Rangos de temperatura de 150 \u00b0F a 500 \u00b0F<\/div>\n<div>\u2022 Luz(es) interior(es) del horno est\u00e1ndar<\/div>\n<div>\u2022 Capacidad de 46,000 BTU por horno<\/div>\n<div>\u2022 Ventilador de dos velocidades con modo de enfriamiento ajustable<\/div>\n<div>\u2022 Cinco (5) parrillas de horno niqueladas en una gu\u00eda de parrilla<\/div>\n<div>\u00a0 \u00a0de 13 posiciones<\/div>\n<div>\u2022 Los interruptores de enclavamiento de la puerta apagan<\/div>\n<div>\u00a0 \u00a0autom\u00e1ticamente el ventilador y el quemador cuando se abren<\/div>\n<div>\u00a0 \u00a0las puertas<\/div>\n<div>\u2022 Encendido electr\u00f3nico por chispa con un sistema de piloto autom\u00e1tico<\/div>\n<div>\u00a0 \u00a0con apagado de seguridad<\/div>\n<div>\u2022 Conexi\u00f3n trasera de gas NPT de 3\/4&#8221; y regulador<\/div>\n","protected":false},"excerpt":{"rendered":"<p>Horno Convecci\u00f3n a Gas (profundidad panader\u00eda) \u2022 Exterior de acero inoxidable e interior esmaltado con esquinas \u00a0 \u00a0redondeadas para facilitar la limpieza \u2022 Puertas dependientes 50\/50 con vidrio templado t\u00e9rmico de doble \u00a0 \u00a0panel en el modelo Bakery Depth \u2022 El modelo Bakery Depth acepta cinco (5) bandejas para hornear \u00a0 \u00a0est\u00e1ndar de tama\u00f1o completo de 18&#8221; X 26&#8221; de izquierda a derecha \u00a0 \u00a0o de adelante hacia atr\u00e1s \u2022 El modelo de profundidad est\u00e1ndar acepta cinco (5) bandejas para \u00a0 \u00a0hornear est\u00e1ndar de tama\u00f1o completo de 18&#8221; X 26&#8221; de izquierda a \u00a0 \u00a0derecha \u2022 El modelo de profundidad est\u00e1ndar tiene puertas independientes \u2022 Controlador digital de estado s\u00f3lido con funci\u00f3n Cook &#8216;n&#8217; Hold \u2022 Rangos de temperatura de 150 \u00b0F a 500 \u00b0F \u2022 Luz(es) interior(es) del horno est\u00e1ndar \u2022 Capacidad de 46,000 BTU por horno \u2022 Ventilador de dos velocidades con modo de enfriamiento ajustable \u2022 Cinco (5) parrillas de horno niqueladas en una gu\u00eda de parrilla \u00a0 \u00a0de 13 posiciones \u2022 Los interruptores de enclavamiento de la puerta apagan \u00a0 \u00a0autom\u00e1ticamente el ventilador y el quemador cuando se abren \u00a0 \u00a0las puertas \u2022 Encendido electr\u00f3nico por chispa con un sistema de piloto autom\u00e1tico \u00a0 \u00a0con apagado de seguridad \u2022 Conexi\u00f3n trasera de gas NPT de 3\/4&#8221; y regulador<\/p>\n","protected":false},"featured_media":6559,"comment_status":"open","ping_status":"closed","template":"","meta":{"_coblocks_attr":"","_coblocks_dimensions":"","_coblocks_responsive_height":"","_coblocks_accordion_ie_support":""},"product_cat":[298,167],"product_tag":[],"class_list":{"0":"post-6558","1":"product","2":"type-product","3":"status-publish","4":"has-post-thumbnail","6":"product_cat-horno-sparta-imports","7":"product_cat-hornos","8":"badges-style-2","10":"first","11":"instock","12":"shipping-taxable","13":"product-type-simple"},"yoast_head":"<!-- This site is optimized with the Yoast SEO plugin v23.8 - https:\/\/yoast.com\/wordpress\/plugins\/seo\/ -->\n<title>Horno Convecci\u00f3n a Gas Sparta Import -ATCO-513B-1 - Sparta Imports \/ Equipos<\/title>\n<meta name=\"robots\" content=\"index, follow, max-snippet:-1, max-image-preview:large, max-video-preview:-1\" \/>\n<link rel=\"canonical\" href=\"https:\/\/www.sparta-imports.com\/equipos\/producto\/horno-conveccion-a-gas-sparta-import-atco-513b-1\/\" \/>\n<meta property=\"og:locale\" content=\"es_ES\" \/>\n<meta property=\"og:type\" content=\"article\" \/>\n<meta property=\"og:title\" content=\"Horno Convecci\u00f3n a Gas Sparta Import -ATCO-513B-1 - Sparta Imports \/ Equipos\" \/>\n<meta property=\"og:description\" content=\"Horno Convecci\u00f3n a Gas (profundidad panader\u00eda) \u2022 Exterior de acero inoxidable e interior esmaltado con esquinas \u00a0 \u00a0redondeadas para facilitar la limpieza \u2022 Puertas dependientes 50\/50 con vidrio templado t\u00e9rmico de doble \u00a0 \u00a0panel en el modelo Bakery Depth \u2022 El modelo Bakery Depth acepta cinco (5) bandejas para hornear \u00a0 \u00a0est\u00e1ndar de tama\u00f1o completo de 18&#8221; X 26&#8221; de izquierda a derecha \u00a0 \u00a0o de adelante hacia atr\u00e1s \u2022 El modelo de profundidad est\u00e1ndar acepta cinco (5) bandejas para \u00a0 \u00a0hornear est\u00e1ndar de tama\u00f1o completo de 18&#8221; X 26&#8221; de izquierda a \u00a0 \u00a0derecha \u2022 El modelo de profundidad est\u00e1ndar tiene puertas independientes \u2022 Controlador digital de estado s\u00f3lido con funci\u00f3n Cook &#8216;n&#8217; Hold \u2022 Rangos de temperatura de 150 \u00b0F a 500 \u00b0F \u2022 Luz(es) interior(es) del horno est\u00e1ndar \u2022 Capacidad de 46,000 BTU por horno \u2022 Ventilador de dos velocidades con modo de enfriamiento ajustable \u2022 Cinco (5) parrillas de horno niqueladas en una gu\u00eda de parrilla \u00a0 \u00a0de 13 posiciones \u2022 Los interruptores de enclavamiento de la puerta apagan \u00a0 \u00a0autom\u00e1ticamente el ventilador y el quemador cuando se abren \u00a0 \u00a0las puertas \u2022 Encendido electr\u00f3nico por chispa con un sistema de piloto autom\u00e1tico \u00a0 \u00a0con apagado de seguridad \u2022 Conexi\u00f3n trasera de gas NPT de 3\/4&#8221; y regulador\" \/>\n<meta property=\"og:url\" content=\"https:\/\/www.sparta-imports.com\/equipos\/producto\/horno-conveccion-a-gas-sparta-import-atco-513b-1\/\" \/>\n<meta property=\"og:site_name\" content=\"Sparta Imports \/ Equipos\" \/>\n<meta property=\"article:modified_time\" content=\"2023-12-23T20:13:25+00:00\" \/>\n<meta property=\"og:image\" content=\"https:\/\/www.sparta-imports.com\/equipos\/wp-content\/uploads\/2023\/12\/Horno-Conveccion-ATCO513-1.jpg\" \/>\n\t<meta property=\"og:image:width\" content=\"800\" \/>\n\t<meta property=\"og:image:height\" content=\"800\" \/>\n\t<meta property=\"og:image:type\" content=\"image\/jpeg\" \/>\n<meta name=\"twitter:card\" content=\"summary_large_image\" \/>\n<meta name=\"twitter:label1\" content=\"Tiempo de lectura\" \/>\n\t<meta name=\"twitter:data1\" content=\"2 minutos\" \/>\n<script type=\"application\/ld+json\" class=\"yoast-schema-graph\">{\"@context\":\"https:\/\/schema.org\",\"@graph\":[{\"@type\":\"WebPage\",\"@id\":\"https:\/\/www.sparta-imports.com\/equipos\/producto\/horno-conveccion-a-gas-sparta-import-atco-513b-1\/\",\"url\":\"https:\/\/www.sparta-imports.com\/equipos\/producto\/horno-conveccion-a-gas-sparta-import-atco-513b-1\/\",\"name\":\"Horno Convecci\u00f3n a Gas Sparta Import -ATCO-513B-1 - Sparta Imports \/ Equipos\",\"isPartOf\":{\"@id\":\"https:\/\/www.sparta-imports.com\/equipos\/#website\"},\"primaryImageOfPage\":{\"@id\":\"https:\/\/www.sparta-imports.com\/equipos\/producto\/horno-conveccion-a-gas-sparta-import-atco-513b-1\/#primaryimage\"},\"image\":{\"@id\":\"https:\/\/www.sparta-imports.com\/equipos\/producto\/horno-conveccion-a-gas-sparta-import-atco-513b-1\/#primaryimage\"},\"thumbnailUrl\":\"https:\/\/www.sparta-imports.com\/equipos\/wp-content\/uploads\/2023\/12\/Horno-Conveccion-ATCO513-1.jpg\",\"datePublished\":\"2023-12-23T20:08:25+00:00\",\"dateModified\":\"2023-12-23T20:13:25+00:00\",\"breadcrumb\":{\"@id\":\"https:\/\/www.sparta-imports.com\/equipos\/producto\/horno-conveccion-a-gas-sparta-import-atco-513b-1\/#breadcrumb\"},\"inLanguage\":\"es\",\"potentialAction\":[{\"@type\":\"ReadAction\",\"target\":[\"https:\/\/www.sparta-imports.com\/equipos\/producto\/horno-conveccion-a-gas-sparta-import-atco-513b-1\/\"]}]},{\"@type\":\"ImageObject\",\"inLanguage\":\"es\",\"@id\":\"https:\/\/www.sparta-imports.com\/equipos\/producto\/horno-conveccion-a-gas-sparta-import-atco-513b-1\/#primaryimage\",\"url\":\"https:\/\/www.sparta-imports.com\/equipos\/wp-content\/uploads\/2023\/12\/Horno-Conveccion-ATCO513-1.jpg\",\"contentUrl\":\"https:\/\/www.sparta-imports.com\/equipos\/wp-content\/uploads\/2023\/12\/Horno-Conveccion-ATCO513-1.jpg\",\"width\":800,\"height\":800},{\"@type\":\"BreadcrumbList\",\"@id\":\"https:\/\/www.sparta-imports.com\/equipos\/producto\/horno-conveccion-a-gas-sparta-import-atco-513b-1\/#breadcrumb\",\"itemListElement\":[{\"@type\":\"ListItem\",\"position\":1,\"name\":\"Home\",\"item\":\"https:\/\/www.sparta-imports.com\/equipos\/\"},{\"@type\":\"ListItem\",\"position\":2,\"name\":\"Shop\",\"item\":\"https:\/\/www.sparta-imports.com\/equipos\/shop\/\"},{\"@type\":\"ListItem\",\"position\":3,\"name\":\"Horno Convecci\u00f3n a Gas Sparta Import -ATCO-513B-1\"}]},{\"@type\":\"WebSite\",\"@id\":\"https:\/\/www.sparta-imports.com\/equipos\/#website\",\"url\":\"https:\/\/www.sparta-imports.com\/equipos\/\",\"name\":\"Sparta Imports \/ Equipos\",\"description\":\"\",\"publisher\":{\"@id\":\"https:\/\/www.sparta-imports.com\/equipos\/#organization\"},\"potentialAction\":[{\"@type\":\"SearchAction\",\"target\":{\"@type\":\"EntryPoint\",\"urlTemplate\":\"https:\/\/www.sparta-imports.com\/equipos\/?s={search_term_string}\"},\"query-input\":{\"@type\":\"PropertyValueSpecification\",\"valueRequired\":true,\"valueName\":\"search_term_string\"}}],\"inLanguage\":\"es\"},{\"@type\":\"Organization\",\"@id\":\"https:\/\/www.sparta-imports.com\/equipos\/#organization\",\"name\":\"Sparta Imports \/ Equipos\",\"url\":\"https:\/\/www.sparta-imports.com\/equipos\/\",\"logo\":{\"@type\":\"ImageObject\",\"inLanguage\":\"es\",\"@id\":\"https:\/\/www.sparta-imports.com\/equipos\/#\/schema\/logo\/image\/\",\"url\":\"https:\/\/www.sparta-imports.com\/equipos\/wp-content\/uploads\/2015\/10\/cropped-Banner-Sparta-Import-Encabezado-Web-C.png\",\"contentUrl\":\"https:\/\/www.sparta-imports.com\/equipos\/wp-content\/uploads\/2015\/10\/cropped-Banner-Sparta-Import-Encabezado-Web-C.png\",\"width\":775,\"height\":272,\"caption\":\"Sparta Imports \/ Equipos\"},\"image\":{\"@id\":\"https:\/\/www.sparta-imports.com\/equipos\/#\/schema\/logo\/image\/\"}}]}<\/script>\n<!-- \/ Yoast SEO plugin. -->","yoast_head_json":{"title":"Horno Convecci\u00f3n a Gas Sparta Import -ATCO-513B-1 - Sparta Imports \/ Equipos","robots":{"index":"index","follow":"follow","max-snippet":"max-snippet:-1","max-image-preview":"max-image-preview:large","max-video-preview":"max-video-preview:-1"},"canonical":"https:\/\/www.sparta-imports.com\/equipos\/producto\/horno-conveccion-a-gas-sparta-import-atco-513b-1\/","og_locale":"es_ES","og_type":"article","og_title":"Horno Convecci\u00f3n a Gas Sparta Import -ATCO-513B-1 - Sparta Imports \/ Equipos","og_description":"Horno Convecci\u00f3n a Gas (profundidad panader\u00eda) \u2022 Exterior de acero inoxidable e interior esmaltado con esquinas \u00a0 \u00a0redondeadas para facilitar la limpieza \u2022 Puertas dependientes 50\/50 con vidrio templado t\u00e9rmico de doble \u00a0 \u00a0panel en el modelo Bakery Depth \u2022 El modelo Bakery Depth acepta cinco (5) bandejas para hornear \u00a0 \u00a0est\u00e1ndar de tama\u00f1o completo de 18&#8221; X 26&#8221; de izquierda a derecha \u00a0 \u00a0o de adelante hacia atr\u00e1s \u2022 El modelo de profundidad est\u00e1ndar acepta cinco (5) bandejas para \u00a0 \u00a0hornear est\u00e1ndar de tama\u00f1o completo de 18&#8221; X 26&#8221; de izquierda a \u00a0 \u00a0derecha \u2022 El modelo de profundidad est\u00e1ndar tiene puertas independientes \u2022 Controlador digital de estado s\u00f3lido con funci\u00f3n Cook &#8216;n&#8217; Hold \u2022 Rangos de temperatura de 150 \u00b0F a 500 \u00b0F \u2022 Luz(es) interior(es) del horno est\u00e1ndar \u2022 Capacidad de 46,000 BTU por horno \u2022 Ventilador de dos velocidades con modo de enfriamiento ajustable \u2022 Cinco (5) parrillas de horno niqueladas en una gu\u00eda de parrilla \u00a0 \u00a0de 13 posiciones \u2022 Los interruptores de enclavamiento de la puerta apagan \u00a0 \u00a0autom\u00e1ticamente el ventilador y el quemador cuando se abren \u00a0 \u00a0las puertas \u2022 Encendido electr\u00f3nico por chispa con un sistema de piloto autom\u00e1tico \u00a0 \u00a0con apagado de seguridad \u2022 Conexi\u00f3n trasera de gas NPT de 3\/4&#8221; y regulador","og_url":"https:\/\/www.sparta-imports.com\/equipos\/producto\/horno-conveccion-a-gas-sparta-import-atco-513b-1\/","og_site_name":"Sparta Imports \/ Equipos","article_modified_time":"2023-12-23T20:13:25+00:00","og_image":[{"width":800,"height":800,"url":"https:\/\/www.sparta-imports.com\/equipos\/wp-content\/uploads\/2023\/12\/Horno-Conveccion-ATCO513-1.jpg","type":"image\/jpeg"}],"twitter_card":"summary_large_image","twitter_misc":{"Tiempo de lectura":"2 minutos"},"schema":{"@context":"https:\/\/schema.org","@graph":[{"@type":"WebPage","@id":"https:\/\/www.sparta-imports.com\/equipos\/producto\/horno-conveccion-a-gas-sparta-import-atco-513b-1\/","url":"https:\/\/www.sparta-imports.com\/equipos\/producto\/horno-conveccion-a-gas-sparta-import-atco-513b-1\/","name":"Horno Convecci\u00f3n a Gas Sparta Import -ATCO-513B-1 - Sparta Imports \/ Equipos","isPartOf":{"@id":"https:\/\/www.sparta-imports.com\/equipos\/#website"},"primaryImageOfPage":{"@id":"https:\/\/www.sparta-imports.com\/equipos\/producto\/horno-conveccion-a-gas-sparta-import-atco-513b-1\/#primaryimage"},"image":{"@id":"https:\/\/www.sparta-imports.com\/equipos\/producto\/horno-conveccion-a-gas-sparta-import-atco-513b-1\/#primaryimage"},"thumbnailUrl":"https:\/\/www.sparta-imports.com\/equipos\/wp-content\/uploads\/2023\/12\/Horno-Conveccion-ATCO513-1.jpg","datePublished":"2023-12-23T20:08:25+00:00","dateModified":"2023-12-23T20:13:25+00:00","breadcrumb":{"@id":"https:\/\/www.sparta-imports.com\/equipos\/producto\/horno-conveccion-a-gas-sparta-import-atco-513b-1\/#breadcrumb"},"inLanguage":"es","potentialAction":[{"@type":"ReadAction","target":["https:\/\/www.sparta-imports.com\/equipos\/producto\/horno-conveccion-a-gas-sparta-import-atco-513b-1\/"]}]},{"@type":"ImageObject","inLanguage":"es","@id":"https:\/\/www.sparta-imports.com\/equipos\/producto\/horno-conveccion-a-gas-sparta-import-atco-513b-1\/#primaryimage","url":"https:\/\/www.sparta-imports.com\/equipos\/wp-content\/uploads\/2023\/12\/Horno-Conveccion-ATCO513-1.jpg","contentUrl":"https:\/\/www.sparta-imports.com\/equipos\/wp-content\/uploads\/2023\/12\/Horno-Conveccion-ATCO513-1.jpg","width":800,"height":800},{"@type":"BreadcrumbList","@id":"https:\/\/www.sparta-imports.com\/equipos\/producto\/horno-conveccion-a-gas-sparta-import-atco-513b-1\/#breadcrumb","itemListElement":[{"@type":"ListItem","position":1,"name":"Home","item":"https:\/\/www.sparta-imports.com\/equipos\/"},{"@type":"ListItem","position":2,"name":"Shop","item":"https:\/\/www.sparta-imports.com\/equipos\/shop\/"},{"@type":"ListItem","position":3,"name":"Horno Convecci\u00f3n a Gas Sparta Import -ATCO-513B-1"}]},{"@type":"WebSite","@id":"https:\/\/www.sparta-imports.com\/equipos\/#website","url":"https:\/\/www.sparta-imports.com\/equipos\/","name":"Sparta Imports \/ Equipos","description":"","publisher":{"@id":"https:\/\/www.sparta-imports.com\/equipos\/#organization"},"potentialAction":[{"@type":"SearchAction","target":{"@type":"EntryPoint","urlTemplate":"https:\/\/www.sparta-imports.com\/equipos\/?s={search_term_string}"},"query-input":{"@type":"PropertyValueSpecification","valueRequired":true,"valueName":"search_term_string"}}],"inLanguage":"es"},{"@type":"Organization","@id":"https:\/\/www.sparta-imports.com\/equipos\/#organization","name":"Sparta Imports \/ Equipos","url":"https:\/\/www.sparta-imports.com\/equipos\/","logo":{"@type":"ImageObject","inLanguage":"es","@id":"https:\/\/www.sparta-imports.com\/equipos\/#\/schema\/logo\/image\/","url":"https:\/\/www.sparta-imports.com\/equipos\/wp-content\/uploads\/2015\/10\/cropped-Banner-Sparta-Import-Encabezado-Web-C.png","contentUrl":"https:\/\/www.sparta-imports.com\/equipos\/wp-content\/uploads\/2015\/10\/cropped-Banner-Sparta-Import-Encabezado-Web-C.png","width":775,"height":272,"caption":"Sparta Imports \/ Equipos"},"image":{"@id":"https:\/\/www.sparta-imports.com\/equipos\/#\/schema\/logo\/image\/"}}]}},"_links":{"self":[{"href":"https:\/\/www.sparta-imports.com\/equipos\/wp-json\/wp\/v2\/product\/6558"}],"collection":[{"href":"https:\/\/www.sparta-imports.com\/equipos\/wp-json\/wp\/v2\/product"}],"about":[{"href":"https:\/\/www.sparta-imports.com\/equipos\/wp-json\/wp\/v2\/types\/product"}],"replies":[{"embeddable":true,"href":"https:\/\/www.sparta-imports.com\/equipos\/wp-json\/wp\/v2\/comments?post=6558"}],"wp:featuredmedia":[{"embeddable":true,"href":"https:\/\/www.sparta-imports.com\/equipos\/wp-json\/wp\/v2\/media\/6559"}],"wp:attachment":[{"href":"https:\/\/www.sparta-imports.com\/equipos\/wp-json\/wp\/v2\/media?parent=6558"}],"wp:term":[{"taxonomy":"product_cat","embeddable":true,"href":"https:\/\/www.sparta-imports.com\/equipos\/wp-json\/wp\/v2\/product_cat?post=6558"},{"taxonomy":"product_tag","embeddable":true,"href":"https:\/\/www.sparta-imports.com\/equipos\/wp-json\/wp\/v2\/product_tag?post=6558"}],"curies":[{"name":"wp","href":"https:\/\/api.w.org\/{rel}","templated":true}]}}